{"id":55486,"date":"2021-01-22T09:51:35","date_gmt":"2021-01-22T12:51:35","guid":{"rendered":"https:\/\/www.livrariarema.com.br\/loja\/produtos\/sem%20categoria\/comentario-de-marcos-james-r-edwards\/"},"modified":"2026-02-20T13:29:58","modified_gmt":"2026-02-20T16:29:58","slug":"comentario-de-marcos-james-r-edwards","status":"publish","type":"product","link":"https:\/\/www.livrariarema.com.br\/loja\/produtos\/livros\/comentario-biblico\/comentario-de-marcos-james-r-edwards\/","title":{"rendered":"Coment\u00e1rio De Marcos &#8211; James R. Edwards"},"content":{"rendered":"<p>Este liro faz parte da S\u00e9rie Pilar Coment\u00e1rio do Novo Testamento. <\/p>\n<p>O objetivo deste volume \u00e9 comentar sobre o texto recebido do evangelho de Marcos, e n\u00e3o sobre hip\u00f3teses de sua proced\u00eancia ou as v\u00e1rias escolas de interpreta\u00e7\u00e3o desse evangelho.<br \/>\nO principal objetivo de James Edwards nesta obra foi o de se concentrar nos tr\u00eas aspectos do evangelho de Marcos que, na opini\u00e3o do autor, s\u00e3o essenciais para sua compreens\u00e3o apropriada: o cen\u00e1rio e a narrativa hist\u00f3ricos; os m\u00e9todos liter\u00e1rios e os prop\u00f3sitos teol\u00f3gicos.<\/p>\n","protected":false},"excerpt":{"rendered":"<p>Este liro faz parte da S\u00e9rie Pilar Coment\u00e1rio do Novo Testamento. O objetivo deste volume \u00e9 comentar sobre o texto&hellip;<\/p>\n","protected":false},"featured_media":345065,"comment_status":"open","ping_status":"closed","template":"","meta":[],"product_cat":[164,134],"product_tag":[],"_links":{"self":[{"href":"https:\/\/www.livrariarema.com.br\/loja\/wp-json\/wp\/v2\/product\/55486"}],"collection":[{"href":"https:\/\/www.livrariarema.com.br\/loja\/wp-json\/wp\/v2\/product"}],"about":[{"href":"https:\/\/www.livrariarema.com.br\/loja\/wp-json\/wp\/v2\/types\/product"}],"replies":[{"embeddable":true,"href":"https:\/\/www.livrariarema.com.br\/loja\/wp-json\/wp\/v2\/comments?post=55486"}],"wp:featuredmedia":[{"embeddable":true,"href":"https:\/\/www.livrariarema.com.br\/loja\/wp-json\/wp\/v2\/media\/345065"}],"wp:attachment":[{"href":"https:\/\/www.livrariarema.com.br\/loja\/wp-json\/wp\/v2\/media?parent=55486"}],"wp:term":[{"taxonomy":"product_cat","embeddable":true,"href":"https:\/\/www.livrariarema.com.br\/loja\/wp-json\/wp\/v2\/product_cat?post=55486"},{"taxonomy":"product_tag","embeddable":true,"href":"https:\/\/www.livrariarema.com.br\/loja\/wp-json\/wp\/v2\/product_tag?post=55486"}],"curies":[{"name":"wp","href":"https:\/\/api.w.org\/{rel}","templated":true}]}}