{"id":55691,"date":"2021-01-22T09:57:59","date_gmt":"2021-01-22T12:57:59","guid":{"rendered":"https:\/\/www.livrariarema.com.br\/loja\/produtos\/sem%20categoria\/oracoes-para-criancas\/"},"modified":"2026-05-02T10:20:29","modified_gmt":"2026-05-02T13:20:29","slug":"oracoes-para-criancas","status":"publish","type":"product","link":"https:\/\/www.livrariarema.com.br\/loja\/produtos\/livros\/infantil\/oracoes-para-criancas\/","title":{"rendered":"Almofadado &#8211; Ora\u00e7\u00f5es Para Crian\u00e7as"},"content":{"rendered":"<p>Podemos conversar com Deus a qualquer hora, pois Ele est\u00e1 ao nosso lado o tempo todo! Abra este livro e aprenda um pouco mais sobre o grande amor de Deus e como Ele gosta de ouvir a sua ora\u00e7\u00e3o.<\/p>\n","protected":false},"excerpt":{"rendered":"<p>Podemos conversar com Deus a qualquer hora, pois Ele est\u00e1 ao nosso lado o tempo todo! Abra este livro e&hellip;<\/p>\n","protected":false},"featured_media":322075,"comment_status":"open","ping_status":"closed","template":"","meta":[],"product_cat":[144,134],"product_tag":[],"_links":{"self":[{"href":"https:\/\/www.livrariarema.com.br\/loja\/wp-json\/wp\/v2\/product\/55691"}],"collection":[{"href":"https:\/\/www.livrariarema.com.br\/loja\/wp-json\/wp\/v2\/product"}],"about":[{"href":"https:\/\/www.livrariarema.com.br\/loja\/wp-json\/wp\/v2\/types\/product"}],"replies":[{"embeddable":true,"href":"https:\/\/www.livrariarema.com.br\/loja\/wp-json\/wp\/v2\/comments?post=55691"}],"wp:featuredmedia":[{"embeddable":true,"href":"https:\/\/www.livrariarema.com.br\/loja\/wp-json\/wp\/v2\/media\/322075"}],"wp:attachment":[{"href":"https:\/\/www.livrariarema.com.br\/loja\/wp-json\/wp\/v2\/media?parent=55691"}],"wp:term":[{"taxonomy":"product_cat","embeddable":true,"href":"https:\/\/www.livrariarema.com.br\/loja\/wp-json\/wp\/v2\/product_cat?post=55691"},{"taxonomy":"product_tag","embeddable":true,"href":"https:\/\/www.livrariarema.com.br\/loja\/wp-json\/wp\/v2\/product_tag?post=55691"}],"curies":[{"name":"wp","href":"https:\/\/api.w.org\/{rel}","templated":true}]}}