{"id":55864,"date":"2021-01-22T10:04:20","date_gmt":"2021-01-22T13:04:20","guid":{"rendered":"https:\/\/www.livrariarema.com.br\/loja\/produtos\/sem%20categoria\/anne-vol-3-anne-da-ilha-lucy-maud-montgomery\/"},"modified":"2026-04-15T17:01:33","modified_gmt":"2026-04-15T20:01:33","slug":"anne-vol-3-anne-da-ilha-lucy-maud-montgomery","status":"publish","type":"product","link":"https:\/\/www.livrariarema.com.br\/loja\/produtos\/livros\/juvenil\/anne-vol-3-anne-da-ilha-lucy-maud-montgomery\/","title":{"rendered":"Anne &#8211; Vol. 3 &#8211; Anne Da Ilha &#8211; Lucy Maud Montgomery"},"content":{"rendered":"<p>Anne Shirley decide deixar Green Gables e seu trabalho para ir atr\u00e1s de seu sonho original: completar os estudos em Redmond College. Apesar de sentir-se dividida entre partir rumo ao desconhecido ou permanecer no ambiente familiar, Anne faz as malas e vai morar em Kingsport com Priscilla Grant. Gilbert Blythe tamb\u00e9m est\u00e1 indo para Kingsport para estudar e se tornar m\u00e9dico, e nada o tornaria mais feliz do que se Anne revelasse que sente mais do que amizade por ele. Novas aventuras descortinam-se al\u00e9m da curva do caminho, quanto Anne guarda as lembran\u00e7as da rotina rural de Avonlea, uma vida repleta de surpresas aguarda por ela, incluindo um pedido de casamento e a perda de algumas de suas preciosas ilus\u00f5es infantis.<\/p>\n","protected":false},"excerpt":{"rendered":"<p>Anne Shirley decide deixar Green Gables e seu trabalho para ir atr\u00e1s de seu sonho original: completar os estudos em&hellip;<\/p>\n","protected":false},"featured_media":346724,"comment_status":"open","ping_status":"closed","template":"","meta":[],"product_cat":[184,134],"product_tag":[],"_links":{"self":[{"href":"https:\/\/www.livrariarema.com.br\/loja\/wp-json\/wp\/v2\/product\/55864"}],"collection":[{"href":"https:\/\/www.livrariarema.com.br\/loja\/wp-json\/wp\/v2\/product"}],"about":[{"href":"https:\/\/www.livrariarema.com.br\/loja\/wp-json\/wp\/v2\/types\/product"}],"replies":[{"embeddable":true,"href":"https:\/\/www.livrariarema.com.br\/loja\/wp-json\/wp\/v2\/comments?post=55864"}],"wp:featuredmedia":[{"embeddable":true,"href":"https:\/\/www.livrariarema.com.br\/loja\/wp-json\/wp\/v2\/media\/346724"}],"wp:attachment":[{"href":"https:\/\/www.livrariarema.com.br\/loja\/wp-json\/wp\/v2\/media?parent=55864"}],"wp:term":[{"taxonomy":"product_cat","embeddable":true,"href":"https:\/\/www.livrariarema.com.br\/loja\/wp-json\/wp\/v2\/product_cat?post=55864"},{"taxonomy":"product_tag","embeddable":true,"href":"https:\/\/www.livrariarema.com.br\/loja\/wp-json\/wp\/v2\/product_tag?post=55864"}],"curies":[{"name":"wp","href":"https:\/\/api.w.org\/{rel}","templated":true}]}}