{"id":55870,"date":"2021-01-22T10:04:31","date_gmt":"2021-01-22T13:04:31","guid":{"rendered":"https:\/\/www.livrariarema.com.br\/loja\/produtos\/sem%20categoria\/peregrino-o-john-bunyan-2\/"},"modified":"2025-11-21T09:41:45","modified_gmt":"2025-11-21T12:41:45","slug":"peregrino-o-john-bunyan-2","status":"publish","type":"product","link":"https:\/\/www.livrariarema.com.br\/loja\/produtos\/livros\/ficcao\/peregrino-o-john-bunyan-2\/","title":{"rendered":"Peregrino, O &#8211; John Bunyan"},"content":{"rendered":"<p>Na segunda metade do s\u00e9culo 17, o cen\u00e1rio religioso da Europa era conturbado. Apesar do dom\u00ednio geogr\u00e1fico e pol\u00edtico, o cristianismo se estilha\u00e7ava em cis\u00f5es cada vez mais profundas. At\u00e9 mesmo o protestantismo enfrentava o problema da divis\u00e3o, muitas vezes promovida por pessoas ou grupos motivados pelo desejo aut\u00eantico de servir a Deus de maneira abnegada, n\u00e3o importando os obst\u00e1culos no caminho. O peregrino venceu todas as barreiras &#8211; o tempo, as diferen\u00e7as culturais e as diverg\u00eancias religiosas &#8211; e se consagrou como uma das obras de fic\u00e7\u00e3o mais lidas de todos os tempos. Gera\u00e7\u00e3o ap\u00f3s gera\u00e7\u00e3o, leitores v\u00eam buscando conforto, orienta\u00e7\u00e3o e entretenimento na extraordin\u00e1ria jornada de Crist\u00e3o, o peregrino que viaja rumo \u00e0 Cidade Celestial. O pregador ingl\u00eas John Bunyan (1628-1688) tece de modo aleg\u00f3rico o destino de todo aquele que abra\u00e7a a f\u00e9 crist\u00e3 como fundamento de vida. Em lugares sombrios como o Desfiladeiro do Desespero e o P\u00e2ntano da Desconfian\u00e7a, confrontado por personagens como Bajula\u00e7\u00e3o e Malicioso, seu protagonista se v\u00ea diante de in\u00fameras prova\u00e7\u00f5es, e somente a perseveran\u00e7a e a confian\u00e7a em Deus lhe permitir\u00e3o alcan\u00e7ar seu alvo.<\/p>\n","protected":false},"excerpt":{"rendered":"<p>Na segunda metade do s\u00e9culo 17, o cen\u00e1rio religioso da Europa era conturbado. Apesar do dom\u00ednio geogr\u00e1fico e pol\u00edtico, o&hellip;<\/p>\n","protected":false},"featured_media":311129,"comment_status":"open","ping_status":"closed","template":"","meta":[],"product_cat":[162,134],"product_tag":[],"_links":{"self":[{"href":"https:\/\/www.livrariarema.com.br\/loja\/wp-json\/wp\/v2\/product\/55870"}],"collection":[{"href":"https:\/\/www.livrariarema.com.br\/loja\/wp-json\/wp\/v2\/product"}],"about":[{"href":"https:\/\/www.livrariarema.com.br\/loja\/wp-json\/wp\/v2\/types\/product"}],"replies":[{"embeddable":true,"href":"https:\/\/www.livrariarema.com.br\/loja\/wp-json\/wp\/v2\/comments?post=55870"}],"wp:featuredmedia":[{"embeddable":true,"href":"https:\/\/www.livrariarema.com.br\/loja\/wp-json\/wp\/v2\/media\/311129"}],"wp:attachment":[{"href":"https:\/\/www.livrariarema.com.br\/loja\/wp-json\/wp\/v2\/media?parent=55870"}],"wp:term":[{"taxonomy":"product_cat","embeddable":true,"href":"https:\/\/www.livrariarema.com.br\/loja\/wp-json\/wp\/v2\/product_cat?post=55870"},{"taxonomy":"product_tag","embeddable":true,"href":"https:\/\/www.livrariarema.com.br\/loja\/wp-json\/wp\/v2\/product_tag?post=55870"}],"curies":[{"name":"wp","href":"https:\/\/api.w.org\/{rel}","templated":true}]}}

<p>Na segunda metade do século 17, o cenário religioso da Europa era conturbado. Apesar do domínio geográfico e político, o cristianismo se estilhaçava em cisões cada vez mais profundas. Até mesmo o protestantismo enfrentava o problema da divisão, muitas vezes promovida por pessoas ou grupos motivados pelo desejo autêntico de servir a Deus de maneira abnegada, não importando os obstáculos no caminho. O peregrino venceu todas as barreiras &#8211; o tempo, as diferenças culturais e as divergências religiosas &#8211; e se consagrou como uma das obras de ficção mais lidas de todos os tempos. Geração após geração, leitores vêm buscando conforto, orientação e entretenimento na extraordinária jornada de Cristão, o peregrino que viaja rumo à Cidade Celestial. O pregador inglês John Bunyan (1628-1688) tece de modo alegórico o destino de todo aquele que abraça a fé cristã como fundamento de vida. Em lugares sombrios como o Desfiladeiro do Desespero e o Pântano da Desconfiança, confrontado por personagens como Bajulação e Malicioso, seu protagonista se vê diante de inúmeras provações, e somente a perseverança e a confiança em Deus lhe permitirão alcançar seu alvo.</p>

<p>Na segunda metade do século 17, o cenário religioso da Europa era conturbado. Apesar do domínio geográfico e político, o&hellip;</p>
