{"id":56026,"date":"2021-01-22T10:11:32","date_gmt":"2021-01-22T13:11:32","guid":{"rendered":"https:\/\/www.livrariarema.com.br\/loja\/produtos\/sem%20categoria\/caneta-posca-pc-5m-1-8-2-5mm-branco\/"},"modified":"2026-03-03T15:30:33","modified_gmt":"2026-03-03T18:30:33","slug":"caneta-posca-pc-5m-1-8-2-5mm-branco","status":"publish","type":"product","link":"https:\/\/www.livrariarema.com.br\/loja\/produtos\/papelaria\/marcador-nao-permanente\/caneta-posca-pc-5m-1-8-2-5mm-branco\/","title":{"rendered":"Caneta Posca &#8211; Pc-5M &#8211; 1.8-2.5Mm &#8211; Branco (1)"},"content":{"rendered":"<p>Marcador multiuso<br \/>\n\u00c0 base de \u00e1gua<br \/>\nCores vivas e intensas<br \/>\nIdeais para materiais de artes e artesanato<br \/>\nN\u00e3o t\u00f3xico<br \/>\nEscreve aproximadamente 230 metros<br \/>\nOs marcadores POSCA s\u00e3o multiuso e servem para todos os materiais que voc\u00ea imaginar: tecido, madeira, vidro, pl\u00e1stico, papel-cart\u00e3o, cer\u00e2mica, porcelana, metais, etc.<br \/>\nSecagem r\u00e1pida: ap\u00f3s a aplica\u00e7\u00e3o, a secagem \u00e9 ultrarr\u00e1pida. Voc\u00ea s\u00f3 precisa de 1 a 2 minutos para ter a pe\u00e7a trabalhada com um acabamento perfeito e sem falhas!<\/p>\n","protected":false},"excerpt":{"rendered":"<p>Marcador multiuso \u00c0 base de \u00e1gua Cores vivas e intensas Ideais para materiais de artes e artesanato N\u00e3o t\u00f3xico Escreve&hellip;<\/p>\n","protected":false},"featured_media":338127,"comment_status":"open","ping_status":"closed","template":"","meta":[],"product_cat":[298,215],"product_tag":[],"_links":{"self":[{"href":"https:\/\/www.livrariarema.com.br\/loja\/wp-json\/wp\/v2\/product\/56026"}],"collection":[{"href":"https:\/\/www.livrariarema.com.br\/loja\/wp-json\/wp\/v2\/product"}],"about":[{"href":"https:\/\/www.livrariarema.com.br\/loja\/wp-json\/wp\/v2\/types\/product"}],"replies":[{"embeddable":true,"href":"https:\/\/www.livrariarema.com.br\/loja\/wp-json\/wp\/v2\/comments?post=56026"}],"wp:featuredmedia":[{"embeddable":true,"href":"https:\/\/www.livrariarema.com.br\/loja\/wp-json\/wp\/v2\/media\/338127"}],"wp:attachment":[{"href":"https:\/\/www.livrariarema.com.br\/loja\/wp-json\/wp\/v2\/media?parent=56026"}],"wp:term":[{"taxonomy":"product_cat","embeddable":true,"href":"https:\/\/www.livrariarema.com.br\/loja\/wp-json\/wp\/v2\/product_cat?post=56026"},{"taxonomy":"product_tag","embeddable":true,"href":"https:\/\/www.livrariarema.com.br\/loja\/wp-json\/wp\/v2\/product_tag?post=56026"}],"curies":[{"name":"wp","href":"https:\/\/api.w.org\/{rel}","templated":true}]}}