{"id":56507,"date":"2021-01-22T10:26:28","date_gmt":"2021-01-22T13:26:28","guid":{"rendered":"https:\/\/www.livrariarema.com.br\/loja\/produtos\/sem%20categoria\/serie-cris-vol-10-tempo-de-amar-robin-jones-gunn\/"},"modified":"2025-05-09T13:19:04","modified_gmt":"2025-05-09T16:19:04","slug":"serie-cris-vol-10-tempo-de-amar-robin-jones-gunn","status":"publish","type":"product","link":"https:\/\/www.livrariarema.com.br\/loja\/produtos\/livros\/juvenil\/serie-cris-vol-10-tempo-de-amar-robin-jones-gunn\/","title":{"rendered":"S\u00e9rie Cris &#8211; Vol 10 &#8211; Tempo De Amar &#8211; Robin Jones Gunn"},"content":{"rendered":"<p>Um maravilhoso fim de semana num confort\u00e1vel barco parece indicar que algo muito bom est\u00e1 para acontecer na vida de Cris. E o clima de romance que surge nesse passeio a leva a pensar que seu \u00faltimo ano no col\u00e9gio ser\u00e1 tamb\u00e9m &#8220;Tempo de Amar&#8221;.<\/p>\n","protected":false},"excerpt":{"rendered":"<p>Um maravilhoso fim de semana num confort\u00e1vel barco parece indicar que algo muito bom est\u00e1 para acontecer na vida de&hellip;<\/p>\n","protected":false},"featured_media":330913,"comment_status":"open","ping_status":"closed","template":"","meta":[],"product_cat":[184,134],"product_tag":[],"_links":{"self":[{"href":"https:\/\/www.livrariarema.com.br\/loja\/wp-json\/wp\/v2\/product\/56507"}],"collection":[{"href":"https:\/\/www.livrariarema.com.br\/loja\/wp-json\/wp\/v2\/product"}],"about":[{"href":"https:\/\/www.livrariarema.com.br\/loja\/wp-json\/wp\/v2\/types\/product"}],"replies":[{"embeddable":true,"href":"https:\/\/www.livrariarema.com.br\/loja\/wp-json\/wp\/v2\/comments?post=56507"}],"wp:featuredmedia":[{"embeddable":true,"href":"https:\/\/www.livrariarema.com.br\/loja\/wp-json\/wp\/v2\/media\/330913"}],"wp:attachment":[{"href":"https:\/\/www.livrariarema.com.br\/loja\/wp-json\/wp\/v2\/media?parent=56507"}],"wp:term":[{"taxonomy":"product_cat","embeddable":true,"href":"https:\/\/www.livrariarema.com.br\/loja\/wp-json\/wp\/v2\/product_cat?post=56507"},{"taxonomy":"product_tag","embeddable":true,"href":"https:\/\/www.livrariarema.com.br\/loja\/wp-json\/wp\/v2\/product_tag?post=56507"}],"curies":[{"name":"wp","href":"https:\/\/api.w.org\/{rel}","templated":true}]}}