{"id":56513,"date":"2021-01-22T10:26:40","date_gmt":"2021-01-22T13:26:40","guid":{"rendered":"https:\/\/www.livrariarema.com.br\/loja\/produtos\/sem%20categoria\/manual-biblico-ilustrado-vida-j-daniel-hays-e-j-scott-duvall\/"},"modified":"2025-05-09T12:52:02","modified_gmt":"2025-05-09T15:52:02","slug":"manual-biblico-ilustrado-vida-j-daniel-hays-e-j-scott-duvall","status":"publish","type":"product","link":"https:\/\/www.livrariarema.com.br\/loja\/produtos\/livros\/comentario-biblico\/manual-biblico-ilustrado-vida-j-daniel-hays-e-j-scott-duvall\/","title":{"rendered":"Manual B\u00edblico Ilustrado Vida &#8211; J. Daniel Hays E J. Scott Duvall"},"content":{"rendered":"<p>Um dos aspectos essenciais para compreender a Palavra de Deus \u00e9 entender como a mensagem de cada livro se enquadra no plano desenvolvido por Deus. Este manual inovador, repleto de figuras, enriquecer\u00e1 a sua leitura da B\u00edblia com percep\u00e7\u00f5es fascinantes sobre as Escrituras e o mundo em que elas foram escritas.<\/p>\n<p>O Manual B\u00edblico Ilustrado Vida apresenta a mais recente pesquisa b\u00edblica evang\u00e9lica em formato atrativo, informativo e de f\u00e1cil compreens\u00e3o. Esse guia sobre cada livro da B\u00edblia d\u00e1 vida ao texto b\u00edblico oferecendo mais de:<br \/>\n&#8211; 1.100 p\u00e1ginas coloridas.<br \/>\n&#8211; 500 fotos e figuras coloridas.<br \/>\n&#8211; 80 mapas e tabelas.<br \/>\n&#8211; 100 artigos de renomados estudiosos evang\u00e9licos.<br \/>\nVoc\u00ea descobrir\u00e1 como cada parte da B\u00edblia revela os prop\u00f3sitos gerais de Deus e receber\u00e1 uma compreens\u00e3o mais clara da Palavra de Deus, desde G\u00eanesis at\u00e9 Apocalipse. Al\u00e9m disso, voc\u00ea aprender\u00e1 a interpretar a B\u00edblia de maneira mais eficaz e a aplic\u00e1-la \u00e0 sua vida.<\/p>\n","protected":false},"excerpt":{"rendered":"<p>Um dos aspectos essenciais para compreender a Palavra de Deus \u00e9 entender como a mensagem de cada livro se enquadra&hellip;<\/p>\n","protected":false},"featured_media":330864,"comment_status":"open","ping_status":"closed","template":"","meta":[],"product_cat":[164,134],"product_tag":[],"_links":{"self":[{"href":"https:\/\/www.livrariarema.com.br\/loja\/wp-json\/wp\/v2\/product\/56513"}],"collection":[{"href":"https:\/\/www.livrariarema.com.br\/loja\/wp-json\/wp\/v2\/product"}],"about":[{"href":"https:\/\/www.livrariarema.com.br\/loja\/wp-json\/wp\/v2\/types\/product"}],"replies":[{"embeddable":true,"href":"https:\/\/www.livrariarema.com.br\/loja\/wp-json\/wp\/v2\/comments?post=56513"}],"wp:featuredmedia":[{"embeddable":true,"href":"https:\/\/www.livrariarema.com.br\/loja\/wp-json\/wp\/v2\/media\/330864"}],"wp:attachment":[{"href":"https:\/\/www.livrariarema.com.br\/loja\/wp-json\/wp\/v2\/media?parent=56513"}],"wp:term":[{"taxonomy":"product_cat","embeddable":true,"href":"https:\/\/www.livrariarema.com.br\/loja\/wp-json\/wp\/v2\/product_cat?post=56513"},{"taxonomy":"product_tag","embeddable":true,"href":"https:\/\/www.livrariarema.com.br\/loja\/wp-json\/wp\/v2\/product_tag?post=56513"}],"curies":[{"name":"wp","href":"https:\/\/api.w.org\/{rel}","templated":true}]}}