{"id":56719,"date":"2021-01-22T10:34:58","date_gmt":"2021-01-22T13:34:58","guid":{"rendered":"https:\/\/www.livrariarema.com.br\/loja\/produtos\/sem%20categoria\/ntlh63-biblia-mission-lettering\/"},"modified":"2026-03-18T16:11:35","modified_gmt":"2026-03-18T19:11:35","slug":"ntlh63-biblia-mission-lettering","status":"publish","type":"product","link":"https:\/\/www.livrariarema.com.br\/loja\/produtos\/biblias\/ntlh\/ntlh63-biblia-mission-lettering\/","title":{"rendered":"Ntlh63 &#8211; B\u00edblia Mission &#8211; Lettering"},"content":{"rendered":"<p>Por seu valor acess\u00edvel, \u00e9 ideal para a\u00e7\u00f5es de evangeliza\u00e7\u00e3o.Cont\u00e9m um conjunto de recursos que fazem desta B\u00edblia uma excelente op\u00e7\u00e3o para o dia-a-dia.<\/p>\n","protected":false},"excerpt":{"rendered":"<p>Por seu valor acess\u00edvel, \u00e9 ideal para a\u00e7\u00f5es de evangeliza\u00e7\u00e3o.Cont\u00e9m um conjunto de recursos que fazem desta B\u00edblia uma excelente&hellip;<\/p>\n","protected":false},"featured_media":343985,"comment_status":"open","ping_status":"closed","template":"","meta":[],"product_cat":[139,188],"product_tag":[],"_links":{"self":[{"href":"https:\/\/www.livrariarema.com.br\/loja\/wp-json\/wp\/v2\/product\/56719"}],"collection":[{"href":"https:\/\/www.livrariarema.com.br\/loja\/wp-json\/wp\/v2\/product"}],"about":[{"href":"https:\/\/www.livrariarema.com.br\/loja\/wp-json\/wp\/v2\/types\/product"}],"replies":[{"embeddable":true,"href":"https:\/\/www.livrariarema.com.br\/loja\/wp-json\/wp\/v2\/comments?post=56719"}],"wp:featuredmedia":[{"embeddable":true,"href":"https:\/\/www.livrariarema.com.br\/loja\/wp-json\/wp\/v2\/media\/343985"}],"wp:attachment":[{"href":"https:\/\/www.livrariarema.com.br\/loja\/wp-json\/wp\/v2\/media?parent=56719"}],"wp:term":[{"taxonomy":"product_cat","embeddable":true,"href":"https:\/\/www.livrariarema.com.br\/loja\/wp-json\/wp\/v2\/product_cat?post=56719"},{"taxonomy":"product_tag","embeddable":true,"href":"https:\/\/www.livrariarema.com.br\/loja\/wp-json\/wp\/v2\/product_tag?post=56719"}],"curies":[{"name":"wp","href":"https:\/\/api.w.org\/{rel}","templated":true}]}}