{"id":56727,"date":"2021-01-22T10:35:08","date_gmt":"2021-01-22T13:35:08","guid":{"rendered":"https:\/\/www.livrariarema.com.br\/loja\/produtos\/sem%20categoria\/na085bd-biblia-de-estudo-do-discipulado\/"},"modified":"2026-02-18T15:20:47","modified_gmt":"2026-02-18T18:20:47","slug":"na085bd-biblia-de-estudo-do-discipulado","status":"publish","type":"product","link":"https:\/\/www.livrariarema.com.br\/loja\/produtos\/biblias\/estudo\/na085bd-biblia-de-estudo-do-discipulado\/","title":{"rendered":"Na085bd &#8211; B\u00edblia De Estudo Do Discipulado"},"content":{"rendered":"<p>A SBB lan\u00e7a a B\u00edblia de Estudo do Discipulado, agora em vers\u00e3o completa. A publica\u00e7\u00e3o \u00e9 totalmente voltada \u00e0queles que querem vivenciar os ensinamentos sagrados, como disc\u00edpulos de Jesus Cristo, crescendo no amor e no discipulado. Para isso, traz sete cursos: Discipulado, Relacionamentos, Casamento, Equipes, Restaura\u00e7\u00e3o, Personagens b\u00edblicos e Car\u00e1ter. Cada curso tem oito m\u00f3dulos e, cada m\u00f3dulo, oito estudos, al\u00e9m de onze estudos avulsos. A obra re\u00fane, ainda, notas e estudos voltados especialmente para pequenos grupos e introdu\u00e7\u00e3o ao discipulado de Jesus. As anota\u00e7\u00f5es, reflex\u00f5es e estudos t\u00eam a finalidade de fazer com que o disc\u00edpulo cres\u00e7a, a cada dia, em seu prop\u00f3sito e possa discipular outras pessoas.<\/p>\n","protected":false},"excerpt":{"rendered":"<p>A SBB lan\u00e7a a B\u00edblia de Estudo do Discipulado, agora em vers\u00e3o completa. A publica\u00e7\u00e3o \u00e9 totalmente voltada \u00e0queles que&hellip;<\/p>\n","protected":false},"featured_media":342162,"comment_status":"open","ping_status":"closed","template":"","meta":[],"product_cat":[139,140],"product_tag":[],"_links":{"self":[{"href":"https:\/\/www.livrariarema.com.br\/loja\/wp-json\/wp\/v2\/product\/56727"}],"collection":[{"href":"https:\/\/www.livrariarema.com.br\/loja\/wp-json\/wp\/v2\/product"}],"about":[{"href":"https:\/\/www.livrariarema.com.br\/loja\/wp-json\/wp\/v2\/types\/product"}],"replies":[{"embeddable":true,"href":"https:\/\/www.livrariarema.com.br\/loja\/wp-json\/wp\/v2\/comments?post=56727"}],"wp:featuredmedia":[{"embeddable":true,"href":"https:\/\/www.livrariarema.com.br\/loja\/wp-json\/wp\/v2\/media\/342162"}],"wp:attachment":[{"href":"https:\/\/www.livrariarema.com.br\/loja\/wp-json\/wp\/v2\/media?parent=56727"}],"wp:term":[{"taxonomy":"product_cat","embeddable":true,"href":"https:\/\/www.livrariarema.com.br\/loja\/wp-json\/wp\/v2\/product_cat?post=56727"},{"taxonomy":"product_tag","embeddable":true,"href":"https:\/\/www.livrariarema.com.br\/loja\/wp-json\/wp\/v2\/product_tag?post=56727"}],"curies":[{"name":"wp","href":"https:\/\/api.w.org\/{rel}","templated":true}]}}