{"id":56736,"date":"2021-01-22T10:35:30","date_gmt":"2021-01-22T13:35:30","guid":{"rendered":"https:\/\/www.livrariarema.com.br\/loja\/produtos\/sem%20categoria\/comentarios-expositivos-mateus-hernandes-dias-lopes\/"},"modified":"2026-03-13T16:51:05","modified_gmt":"2026-03-13T19:51:05","slug":"comentarios-expositivos-mateus-hernandes-dias-lopes","status":"publish","type":"product","link":"https:\/\/www.livrariarema.com.br\/loja\/produtos\/livros\/comentario-biblico\/comentarios-expositivos-mateus-hernandes-dias-lopes\/","title":{"rendered":"Comentarios Expositivos &#8211; Mateus &#8211; Hernandes Dias Lopes"},"content":{"rendered":"<p>O Evangelho segundo Mateus escrito pelo autor e Pastor Hernandes Dias Lopes \u00e9 o mais conhecido dos Evangelhos sin\u00f3pticos. Escrito especialmente para os judeus, \u00e9 o Evangelho que mais cita o Antigo Testamento. Apresenta Jesus como o Salvador do seu povo e como o Rei dos reis. Seus eloquentes discursos s\u00e3o intercalados com seus portentosos milagres. Mateus deixa claro que Jesus tem autoridade sobrea natureza, sobre os dem\u00f4nios, sobre as enfermidades e sobre a morte. Ele tem todo poder e toda autoridade nos c\u00e9us e na terra. Estudar este Evangelho \u00e9 conhecer, em primeira m\u00e3o, o nascimento, a vida, o minist\u00e9rio, a morte e a ressurrei\u00e7\u00e3o de Jesus. \u00c9 mergulhar nas riquezas profundas e insond\u00e1veis da gra\u00e7a. \u00c9 beber de uma fonte inesgot\u00e1vel de del\u00edcias perenes.<\/p>\n","protected":false},"excerpt":{"rendered":"<p>O Evangelho segundo Mateus escrito pelo autor e Pastor Hernandes Dias Lopes \u00e9 o mais conhecido dos Evangelhos sin\u00f3pticos. Escrito&hellip;<\/p>\n","protected":false},"featured_media":346082,"comment_status":"open","ping_status":"closed","template":"","meta":[],"product_cat":[164,134],"product_tag":[],"_links":{"self":[{"href":"https:\/\/www.livrariarema.com.br\/loja\/wp-json\/wp\/v2\/product\/56736"}],"collection":[{"href":"https:\/\/www.livrariarema.com.br\/loja\/wp-json\/wp\/v2\/product"}],"about":[{"href":"https:\/\/www.livrariarema.com.br\/loja\/wp-json\/wp\/v2\/types\/product"}],"replies":[{"embeddable":true,"href":"https:\/\/www.livrariarema.com.br\/loja\/wp-json\/wp\/v2\/comments?post=56736"}],"wp:featuredmedia":[{"embeddable":true,"href":"https:\/\/www.livrariarema.com.br\/loja\/wp-json\/wp\/v2\/media\/346082"}],"wp:attachment":[{"href":"https:\/\/www.livrariarema.com.br\/loja\/wp-json\/wp\/v2\/media?parent=56736"}],"wp:term":[{"taxonomy":"product_cat","embeddable":true,"href":"https:\/\/www.livrariarema.com.br\/loja\/wp-json\/wp\/v2\/product_cat?post=56736"},{"taxonomy":"product_tag","embeddable":true,"href":"https:\/\/www.livrariarema.com.br\/loja\/wp-json\/wp\/v2\/product_tag?post=56736"}],"curies":[{"name":"wp","href":"https:\/\/api.w.org\/{rel}","templated":true}]}}