{"id":57061,"date":"2021-01-22T10:44:45","date_gmt":"2021-01-22T13:44:45","guid":{"rendered":"https:\/\/www.livrariarema.com.br\/loja\/produtos\/sem%20categoria\/biblia-leitura-perfeita-acf-marrom\/"},"modified":"2026-02-20T17:40:55","modified_gmt":"2026-02-20T20:40:55","slug":"biblia-leitura-perfeita-acf-marrom","status":"publish","type":"product","link":"https:\/\/www.livrariarema.com.br\/loja\/produtos\/biblias\/revista-corrigida-fiel\/biblia-leitura-perfeita-acf-marrom\/","title":{"rendered":"B\u00edblia Leitura Perfeita &#8211; Acf &#8211; Marrom"},"content":{"rendered":"<p>Texto b\u00edblico reproduzido em uma fonte especialmente desenvolvida para a Thomas Nelson, que proporciona uma leitura mais confort\u00e1vel. A tradu\u00e7\u00e3o Almeida Corrigida Fiel \u00e9 a mais popular no Brasil.<\/p>\n","protected":false},"excerpt":{"rendered":"<p>Texto b\u00edblico reproduzido em uma fonte especialmente desenvolvida para a Thomas Nelson, que proporciona uma leitura mais confort\u00e1vel. A tradu\u00e7\u00e3o&hellip;<\/p>\n","protected":false},"featured_media":343397,"comment_status":"open","ping_status":"closed","template":"","meta":[],"product_cat":[139,212],"product_tag":[],"_links":{"self":[{"href":"https:\/\/www.livrariarema.com.br\/loja\/wp-json\/wp\/v2\/product\/57061"}],"collection":[{"href":"https:\/\/www.livrariarema.com.br\/loja\/wp-json\/wp\/v2\/product"}],"about":[{"href":"https:\/\/www.livrariarema.com.br\/loja\/wp-json\/wp\/v2\/types\/product"}],"replies":[{"embeddable":true,"href":"https:\/\/www.livrariarema.com.br\/loja\/wp-json\/wp\/v2\/comments?post=57061"}],"wp:featuredmedia":[{"embeddable":true,"href":"https:\/\/www.livrariarema.com.br\/loja\/wp-json\/wp\/v2\/media\/343397"}],"wp:attachment":[{"href":"https:\/\/www.livrariarema.com.br\/loja\/wp-json\/wp\/v2\/media?parent=57061"}],"wp:term":[{"taxonomy":"product_cat","embeddable":true,"href":"https:\/\/www.livrariarema.com.br\/loja\/wp-json\/wp\/v2\/product_cat?post=57061"},{"taxonomy":"product_tag","embeddable":true,"href":"https:\/\/www.livrariarema.com.br\/loja\/wp-json\/wp\/v2\/product_tag?post=57061"}],"curies":[{"name":"wp","href":"https:\/\/api.w.org\/{rel}","templated":true}]}}