{"id":57084,"date":"2021-01-22T10:48:06","date_gmt":"2021-01-22T13:48:06","guid":{"rendered":"https:\/\/www.livrariarema.com.br\/loja\/produtos\/sem%20categoria\/jogo-de-cartas-lazer-evangelico-trono-perguntas-respostas-biblicas\/"},"modified":"2026-04-17T18:20:39","modified_gmt":"2026-04-17T21:20:39","slug":"jogo-de-cartas-lazer-evangelico-trono-perguntas-respostas-biblicas","status":"publish","type":"product","link":"https:\/\/www.livrariarema.com.br\/loja\/produtos\/brinquedos\/jogos-de-cartas\/jogo-de-cartas-lazer-evangelico-trono-perguntas-respostas-biblicas\/","title":{"rendered":"Jogo De Cartas &#8211; Lazer Evang\u00e9lico &#8211; Trono + Perguntas &amp; Respostas B\u00edblicas"},"content":{"rendered":"<p>Lazer evang\u00e9lico para toda a Fam\u00edlia<\/p>\n","protected":false},"excerpt":{"rendered":"<p>Lazer evang\u00e9lico para toda a Fam\u00edlia<\/p>\n","protected":false},"featured_media":342383,"comment_status":"open","ping_status":"closed","template":"","meta":[],"product_cat":[315,317],"product_tag":[],"_links":{"self":[{"href":"https:\/\/www.livrariarema.com.br\/loja\/wp-json\/wp\/v2\/product\/57084"}],"collection":[{"href":"https:\/\/www.livrariarema.com.br\/loja\/wp-json\/wp\/v2\/product"}],"about":[{"href":"https:\/\/www.livrariarema.com.br\/loja\/wp-json\/wp\/v2\/types\/product"}],"replies":[{"embeddable":true,"href":"https:\/\/www.livrariarema.com.br\/loja\/wp-json\/wp\/v2\/comments?post=57084"}],"wp:featuredmedia":[{"embeddable":true,"href":"https:\/\/www.livrariarema.com.br\/loja\/wp-json\/wp\/v2\/media\/342383"}],"wp:attachment":[{"href":"https:\/\/www.livrariarema.com.br\/loja\/wp-json\/wp\/v2\/media?parent=57084"}],"wp:term":[{"taxonomy":"product_cat","embeddable":true,"href":"https:\/\/www.livrariarema.com.br\/loja\/wp-json\/wp\/v2\/product_cat?post=57084"},{"taxonomy":"product_tag","embeddable":true,"href":"https:\/\/www.livrariarema.com.br\/loja\/wp-json\/wp\/v2\/product_tag?post=57084"}],"curies":[{"name":"wp","href":"https:\/\/api.w.org\/{rel}","templated":true}]}}