{"id":57098,"date":"2021-01-22T10:48:37","date_gmt":"2021-01-22T13:48:37","guid":{"rendered":"https:\/\/www.livrariarema.com.br\/loja\/produtos\/sem%20categoria\/apostolo-dos-pes-sangrentoso-boanerges-ribeiro\/"},"modified":"2026-03-14T10:21:15","modified_gmt":"2026-03-14T13:21:15","slug":"apostolo-dos-pes-sangrentoso-boanerges-ribeiro","status":"publish","type":"product","link":"https:\/\/www.livrariarema.com.br\/loja\/produtos\/livros\/biografia\/apostolo-dos-pes-sangrentoso-boanerges-ribeiro\/","title":{"rendered":"Ap\u00f3stolo Dos P\u00e9s Sangrentos,O &#8211; Boanerges Ribeiro"},"content":{"rendered":"<p>Biografia de um indiano de fam\u00edlia nobre, da seita sik, que sofreu persegui\u00e7\u00f5es, pris\u00f5es e priva\u00e7\u00f5es por ter-se convertido ao Evangelho. Mas seu desejo de evangelizar era superior a qualquer obst\u00e1culo, mesmo com os p\u00e9s sangrando.<\/p>\n","protected":false},"excerpt":{"rendered":"<p>Biografia de um indiano de fam\u00edlia nobre, da seita sik, que sofreu persegui\u00e7\u00f5es, pris\u00f5es e priva\u00e7\u00f5es por ter-se convertido ao&hellip;<\/p>\n","protected":false},"featured_media":345567,"comment_status":"open","ping_status":"closed","template":"","meta":[],"product_cat":[181,134],"product_tag":[],"_links":{"self":[{"href":"https:\/\/www.livrariarema.com.br\/loja\/wp-json\/wp\/v2\/product\/57098"}],"collection":[{"href":"https:\/\/www.livrariarema.com.br\/loja\/wp-json\/wp\/v2\/product"}],"about":[{"href":"https:\/\/www.livrariarema.com.br\/loja\/wp-json\/wp\/v2\/types\/product"}],"replies":[{"embeddable":true,"href":"https:\/\/www.livrariarema.com.br\/loja\/wp-json\/wp\/v2\/comments?post=57098"}],"wp:featuredmedia":[{"embeddable":true,"href":"https:\/\/www.livrariarema.com.br\/loja\/wp-json\/wp\/v2\/media\/345567"}],"wp:attachment":[{"href":"https:\/\/www.livrariarema.com.br\/loja\/wp-json\/wp\/v2\/media?parent=57098"}],"wp:term":[{"taxonomy":"product_cat","embeddable":true,"href":"https:\/\/www.livrariarema.com.br\/loja\/wp-json\/wp\/v2\/product_cat?post=57098"},{"taxonomy":"product_tag","embeddable":true,"href":"https:\/\/www.livrariarema.com.br\/loja\/wp-json\/wp\/v2\/product_tag?post=57098"}],"curies":[{"name":"wp","href":"https:\/\/api.w.org\/{rel}","templated":true}]}}