{"id":57209,"date":"2021-01-22T10:51:39","date_gmt":"2021-01-22T13:51:39","guid":{"rendered":"https:\/\/www.livrariarema.com.br\/loja\/produtos\/sem%20categoria\/serie-estudando-a-palavra-1-corintios-10-16-mark-dever\/"},"modified":"2025-11-24T13:38:38","modified_gmt":"2025-11-24T16:38:38","slug":"serie-estudando-a-palavra-1-corintios-10-16-mark-dever","status":"publish","type":"product","link":"https:\/\/www.livrariarema.com.br\/loja\/produtos\/promocao\/livros-promocao\/serie-estudando-a-palavra-1-corintios-10-16-mark-dever\/","title":{"rendered":"S\u00e9rie Estudando A Palavra &#8211; 1 Cor\u00edntios 10-16 &#8211; Mark Dever"},"content":{"rendered":"<p>As igrejas muitas vezes t\u00eam de lidar com divis\u00f5es, materialismo, a tenta\u00e7\u00e3o de ceder \u00e0 cultura secular, ego\u00edsmo e at\u00e9 incertezas sobre a pr\u00f3pria mensagem do evangelho. No primeiro s\u00e9culo, a igreja de Corinto enfrentou todos esses problemas!<\/p>\n<p>Como o ap\u00f3stolo Paulo reagiria? Haveria alguma solu\u00e7\u00e3o?<\/p>\n<p>Na verdade, sim. Uma bem simples, ali\u00e1s: &#8220;Fa\u00e7am tudo com amor&#8221;<br \/>\n(1Co 16.14).<\/p>\n<p>Mas o ap\u00f3stolo n\u00e3o estava se referindo aqui a um amor fugaz e sentimental. O que a igreja de Corinto precisava era de um amor corajoso, firme, altru\u00edsta, enfim, um amor como o de Cristo. A necessidade desse amor, t\u00e3o premente em Corinto, tamb\u00e9m se faz presente entre as igrejas atuais.<\/p>\n<p>Os oito estudos deste volume da S\u00e9rie Estudando a Palavra ajudar\u00e3o na compreens\u00e3o de 1Cor\u00edntios 10-16 e desafiar\u00e3o seus leitores a se tornar uma igreja verdadeiramente amorosa.<\/p>\n","protected":false},"excerpt":{"rendered":"<p>As igrejas muitas vezes t\u00eam de lidar com divis\u00f5es, materialismo, a tenta\u00e7\u00e3o de ceder \u00e0 cultura secular, ego\u00edsmo e at\u00e9&hellip;<\/p>\n","protected":false},"featured_media":341431,"comment_status":"open","ping_status":"closed","template":"","meta":[],"product_cat":[143,142],"product_tag":[],"_links":{"self":[{"href":"https:\/\/www.livrariarema.com.br\/loja\/wp-json\/wp\/v2\/product\/57209"}],"collection":[{"href":"https:\/\/www.livrariarema.com.br\/loja\/wp-json\/wp\/v2\/product"}],"about":[{"href":"https:\/\/www.livrariarema.com.br\/loja\/wp-json\/wp\/v2\/types\/product"}],"replies":[{"embeddable":true,"href":"https:\/\/www.livrariarema.com.br\/loja\/wp-json\/wp\/v2\/comments?post=57209"}],"wp:featuredmedia":[{"embeddable":true,"href":"https:\/\/www.livrariarema.com.br\/loja\/wp-json\/wp\/v2\/media\/341431"}],"wp:attachment":[{"href":"https:\/\/www.livrariarema.com.br\/loja\/wp-json\/wp\/v2\/media?parent=57209"}],"wp:term":[{"taxonomy":"product_cat","embeddable":true,"href":"https:\/\/www.livrariarema.com.br\/loja\/wp-json\/wp\/v2\/product_cat?post=57209"},{"taxonomy":"product_tag","embeddable":true,"href":"https:\/\/www.livrariarema.com.br\/loja\/wp-json\/wp\/v2\/product_tag?post=57209"}],"curies":[{"name":"wp","href":"https:\/\/api.w.org\/{rel}","templated":true}]}}