{"id":57229,"date":"2021-01-22T10:52:17","date_gmt":"2021-01-22T13:52:17","guid":{"rendered":"https:\/\/www.livrariarema.com.br\/loja\/produtos\/sem%20categoria\/que-aprendemos-com-as-tempestades-o-marcelo-aguiar\/"},"modified":"2025-05-09T13:19:48","modified_gmt":"2025-05-09T16:19:48","slug":"que-aprendemos-com-as-tempestades-o-marcelo-aguiar","status":"publish","type":"product","link":"https:\/\/www.livrariarema.com.br\/loja\/produtos\/livros\/vida-crista\/que-aprendemos-com-as-tempestades-o-marcelo-aguiar\/","title":{"rendered":"Que Aprendemos Com As Tempestades, O &#8211; Marcelo Aguiar"},"content":{"rendered":"<p>A tempestade \u00e9 uma das for\u00e7as mais destrutivas da natureza. Com assustadora for\u00e7a e f\u00faria, ela deixa-nos, ao mesmo tempo, fascinados e pavorosos. A tempestade exp\u00f5e nossa imperfei\u00e7\u00e3o e vulnerabilidade. Mas tamb\u00e9m nos ensina preciosas li\u00e7\u00f5es. \u00c9 nos temporais mais impetuosos que somos capazes de compreender as manifesta\u00e7\u00f5es mais profundas sobre o poder e o amor divino.<\/p>\n<p>Neste livro O que aprendemos com as Tempestades o Pr. Marcelo Aguiar nos mostra, atrav\u00e9s da experi\u00eancia de No\u00e9, Jonas, Jesus, Paulo e os disc\u00edpulos, que, com a ajuda de Deus, conseguimos suportar \u00e0s tempestades e, no final, dar testemunho do poder e da bondade do senhor.<\/p>\n<p>Neste livro O que aprendemos com as Tempestades o Pr. Marcelo Aguiar somos ensinados que, em meio \u00e0s tempestades da vida, o Senhor nos ensina sobre a vida e a f\u00e9, livra a nossa alma e tempera o nosso car\u00e1ter.<\/p>\n","protected":false},"excerpt":{"rendered":"<p>A tempestade \u00e9 uma das for\u00e7as mais destrutivas da natureza. Com assustadora for\u00e7a e f\u00faria, ela deixa-nos, ao mesmo tempo,&hellip;<\/p>\n","protected":false},"featured_media":330916,"comment_status":"open","ping_status":"closed","template":"","meta":[],"product_cat":[134,137],"product_tag":[],"_links":{"self":[{"href":"https:\/\/www.livrariarema.com.br\/loja\/wp-json\/wp\/v2\/product\/57229"}],"collection":[{"href":"https:\/\/www.livrariarema.com.br\/loja\/wp-json\/wp\/v2\/product"}],"about":[{"href":"https:\/\/www.livrariarema.com.br\/loja\/wp-json\/wp\/v2\/types\/product"}],"replies":[{"embeddable":true,"href":"https:\/\/www.livrariarema.com.br\/loja\/wp-json\/wp\/v2\/comments?post=57229"}],"wp:featuredmedia":[{"embeddable":true,"href":"https:\/\/www.livrariarema.com.br\/loja\/wp-json\/wp\/v2\/media\/330916"}],"wp:attachment":[{"href":"https:\/\/www.livrariarema.com.br\/loja\/wp-json\/wp\/v2\/media?parent=57229"}],"wp:term":[{"taxonomy":"product_cat","embeddable":true,"href":"https:\/\/www.livrariarema.com.br\/loja\/wp-json\/wp\/v2\/product_cat?post=57229"},{"taxonomy":"product_tag","embeddable":true,"href":"https:\/\/www.livrariarema.com.br\/loja\/wp-json\/wp\/v2\/product_tag?post=57229"}],"curies":[{"name":"wp","href":"https:\/\/api.w.org\/{rel}","templated":true}]}}