{"id":57297,"date":"2021-01-22T10:54:34","date_gmt":"2021-01-22T13:54:34","guid":{"rendered":"https:\/\/www.livrariarema.com.br\/loja\/produtos\/sem%20categoria\/hobbit-o-j-r-r-tolkien\/"},"modified":"2026-04-30T12:09:47","modified_gmt":"2026-04-30T15:09:47","slug":"hobbit-o-j-r-r-tolkien","status":"publish","type":"product","link":"https:\/\/www.livrariarema.com.br\/loja\/produtos\/livros\/ficcao\/hobbit-o-j-r-r-tolkien\/","title":{"rendered":"Hobbit, O &#8211; J. R. R. Tolkien"},"content":{"rendered":"<p>Bilbo Bolseiro era um dos hobbits mais importantes de todo o Condado. Bilbo vivia uma vida tranquila e campestre soprando an\u00e9is de fuma\u00e7a com seu cachimbo. At\u00e9 certo dia que o mago Gandalf bate em sua parte e sua vida come\u00e7a a mudar. Thorin Escudo-de-Carvalho um pr\u00edncipe do poderoso povo dos an\u00f5es o convida para participar de uma aventura. Essa aventura far\u00e1 Bilbo e Gandalf e treze an\u00f5es atravessarem a Terra-m\u00e9dia, passando por v\u00e1rios perigos, sejam eles, os imensos trols, as Montanhas Nevoentas cheias de gobelins ou a antiga e misteriosa Trevamata, at\u00e9 chegar, (se conseguirem) na Montanha Solit\u00e1ria. L\u00e1 est\u00e1 um tesouro, que est\u00e1 deitado em cima dele um Smaug, o dourado, um drag\u00e3o malicioso&#8230; bem, voc\u00ea ter\u00e1 que ler e descobrir.<\/p>\n<p>Lan\u00e7ado em 1937, O Hobbit \u00e9 um divisor de \u00e1guas na literatura fant\u00e1stica mundial. Mais de 80 anos ap\u00f3s a sua publica\u00e7\u00e3o, o livro que antecede os ocorridos em O Senhor dos An\u00e9is continua arrebatando f\u00e3s de todas as idades, talvez pelo seu tom brincalh\u00e3o com uma pitada de magia \u00e9lfica, ou talvez porque J.R.R. Tolkien tenha escrito o melhor livro infanto-juvenil de todos os tempos.<\/p>\n","protected":false},"excerpt":{"rendered":"<p>Bilbo Bolseiro era um dos hobbits mais importantes de todo o Condado. Bilbo vivia uma vida tranquila e campestre soprando&hellip;<\/p>\n","protected":false},"featured_media":347848,"comment_status":"open","ping_status":"closed","template":"","meta":[],"product_cat":[162,134],"product_tag":[],"_links":{"self":[{"href":"https:\/\/www.livrariarema.com.br\/loja\/wp-json\/wp\/v2\/product\/57297"}],"collection":[{"href":"https:\/\/www.livrariarema.com.br\/loja\/wp-json\/wp\/v2\/product"}],"about":[{"href":"https:\/\/www.livrariarema.com.br\/loja\/wp-json\/wp\/v2\/types\/product"}],"replies":[{"embeddable":true,"href":"https:\/\/www.livrariarema.com.br\/loja\/wp-json\/wp\/v2\/comments?post=57297"}],"wp:featuredmedia":[{"embeddable":true,"href":"https:\/\/www.livrariarema.com.br\/loja\/wp-json\/wp\/v2\/media\/347848"}],"wp:attachment":[{"href":"https:\/\/www.livrariarema.com.br\/loja\/wp-json\/wp\/v2\/media?parent=57297"}],"wp:term":[{"taxonomy":"product_cat","embeddable":true,"href":"https:\/\/www.livrariarema.com.br\/loja\/wp-json\/wp\/v2\/product_cat?post=57297"},{"taxonomy":"product_tag","embeddable":true,"href":"https:\/\/www.livrariarema.com.br\/loja\/wp-json\/wp\/v2\/product_tag?post=57297"}],"curies":[{"name":"wp","href":"https:\/\/api.w.org\/{rel}","templated":true}]}}