{"id":57397,"date":"2021-01-22T10:57:40","date_gmt":"2021-01-22T13:57:40","guid":{"rendered":"https:\/\/www.livrariarema.com.br\/loja\/produtos\/sem%20categoria\/sermoes-de-spurgeon-sobre-os-milagres-de-jesus-c-h-spurgeon\/"},"modified":"2023-10-03T18:55:02","modified_gmt":"2023-10-03T21:55:02","slug":"sermoes-de-spurgeon-sobre-os-milagres-de-jesus-c-h-spurgeon","status":"publish","type":"product","link":"https:\/\/www.livrariarema.com.br\/loja\/produtos\/livros\/sermoes-esbocos\/sermoes-de-spurgeon-sobre-os-milagres-de-jesus-c-h-spurgeon\/","title":{"rendered":"Serm\u00f5es De Spurgeon Sobre Os Milagres De Jesus &#8211; C. H. Spurgeon"},"content":{"rendered":"<p>Durante Seu minist\u00e9rio terreno, Jesus realizou muitos milagres. Alguns deles est\u00e3o relatados nos quatro evangelhos. Hist\u00f3rias de cura, liberta\u00e7\u00e3o, ressurrei\u00e7\u00e3o e multiplica\u00e7\u00e3o de recursos que transformaram realidades.<\/p>\n<p>Neste volume, compilamos 13 serm\u00f5es do &#8220;Pr\u00edncipe dos pregadores&#8221;, Charles Haddon Spurgeon (1834-92), que discorrem sobre alguns desses milagres. O estilo contemplativo e ao mesmo tempo vivaz do autor estimula os leitores a refletirem n\u00e3o apenas nas hist\u00f3rias contadas, mas tamb\u00e9m na intensa transforma\u00e7\u00e3o de vida que cada um desses milagres representou. Muito pr\u00e1tico, Spurgeon busca sempre relacionar os efeitos do passado com tudo o que o Cristo imut\u00e1vel pode realizar hoje para Seus disc\u00edpulos contempor\u00e2neos.<\/p>\n<p>Escritos h\u00e1 mais de um s\u00e9culo, os serm\u00f5es de Spurgeon ainda permanecem fonte de inspira\u00e7\u00e3o para o leitor que busca aprofundamento na reflex\u00e3o b\u00edblica.<\/p>\n","protected":false},"excerpt":{"rendered":"<p>Durante Seu minist\u00e9rio terreno, Jesus realizou muitos milagres. Alguns deles est\u00e3o relatados nos quatro evangelhos. Hist\u00f3rias de cura, liberta\u00e7\u00e3o, ressurrei\u00e7\u00e3o&hellip;<\/p>\n","protected":false},"featured_media":257546,"comment_status":"open","ping_status":"closed","template":"","meta":[],"product_cat":[134,195],"product_tag":[],"_links":{"self":[{"href":"https:\/\/www.livrariarema.com.br\/loja\/wp-json\/wp\/v2\/product\/57397"}],"collection":[{"href":"https:\/\/www.livrariarema.com.br\/loja\/wp-json\/wp\/v2\/product"}],"about":[{"href":"https:\/\/www.livrariarema.com.br\/loja\/wp-json\/wp\/v2\/types\/product"}],"replies":[{"embeddable":true,"href":"https:\/\/www.livrariarema.com.br\/loja\/wp-json\/wp\/v2\/comments?post=57397"}],"wp:featuredmedia":[{"embeddable":true,"href":"https:\/\/www.livrariarema.com.br\/loja\/wp-json\/wp\/v2\/media\/257546"}],"wp:attachment":[{"href":"https:\/\/www.livrariarema.com.br\/loja\/wp-json\/wp\/v2\/media?parent=57397"}],"wp:term":[{"taxonomy":"product_cat","embeddable":true,"href":"https:\/\/www.livrariarema.com.br\/loja\/wp-json\/wp\/v2\/product_cat?post=57397"},{"taxonomy":"product_tag","embeddable":true,"href":"https:\/\/www.livrariarema.com.br\/loja\/wp-json\/wp\/v2\/product_tag?post=57397"}],"curies":[{"name":"wp","href":"https:\/\/api.w.org\/{rel}","templated":true}]}}