{"id":57493,"date":"2021-01-22T11:00:27","date_gmt":"2021-01-22T14:00:27","guid":{"rendered":"https:\/\/www.livrariarema.com.br\/loja\/produtos\/sem%20categoria\/liderando-como-jesus-larry-titus\/"},"modified":"2026-03-04T12:35:52","modified_gmt":"2026-03-04T15:35:52","slug":"liderando-como-jesus-larry-titus","status":"publish","type":"product","link":"https:\/\/www.livrariarema.com.br\/loja\/produtos\/livros\/lideranca\/liderando-como-jesus-larry-titus\/","title":{"rendered":"Liderando Como Jesus &#8211; Larry Titus"},"content":{"rendered":"<p>Neste livro Liderando como Jesus o autor Larry Titus analisa a vida de Jesus revelada nos evangelhos e identifica, nela, os princ\u00edpios de lideran\u00e7a que fizeram dele o maior l\u00edder do mundo. Se voc\u00ea seguir os mesmos princ\u00edpios ensinados e revelados por Cristo, experimentar\u00e1 o mesmo sucesso que ele teve. N\u00e3o foi Jesus quem prometeu que, se voc\u00ea cresse nele, faria as mesmas e, talvez, ainda maiores obras? (Jo\u00e3o 14:12-14)<\/p>\n<p>Neste livro Liderando como Jesus voc\u00ea encontrar\u00e1 uma sabedoria b\u00edblica que desafia muitos livros modernos sobre lideran\u00e7a. Se estiver interessado em ver a si mesmo como um l\u00edder eficaz e produtivo, a ver todos a quem lidera transformados completamente e diametralmente, desafiados e preparados para grandeza, ent\u00e3o esta leitura \u00e9 para voc\u00ea. Tudo o que existe nesta obra foi adicionado com um \u00fanico objetivo: transformar o seu estilo de lideran\u00e7a.<\/p>\n","protected":false},"excerpt":{"rendered":"<p>Neste livro Liderando como Jesus o autor Larry Titus analisa a vida de Jesus revelada nos evangelhos e identifica, nela,&hellip;<\/p>\n","protected":false},"featured_media":345820,"comment_status":"open","ping_status":"closed","template":"","meta":[],"product_cat":[153,134],"product_tag":[],"_links":{"self":[{"href":"https:\/\/www.livrariarema.com.br\/loja\/wp-json\/wp\/v2\/product\/57493"}],"collection":[{"href":"https:\/\/www.livrariarema.com.br\/loja\/wp-json\/wp\/v2\/product"}],"about":[{"href":"https:\/\/www.livrariarema.com.br\/loja\/wp-json\/wp\/v2\/types\/product"}],"replies":[{"embeddable":true,"href":"https:\/\/www.livrariarema.com.br\/loja\/wp-json\/wp\/v2\/comments?post=57493"}],"wp:featuredmedia":[{"embeddable":true,"href":"https:\/\/www.livrariarema.com.br\/loja\/wp-json\/wp\/v2\/media\/345820"}],"wp:attachment":[{"href":"https:\/\/www.livrariarema.com.br\/loja\/wp-json\/wp\/v2\/media?parent=57493"}],"wp:term":[{"taxonomy":"product_cat","embeddable":true,"href":"https:\/\/www.livrariarema.com.br\/loja\/wp-json\/wp\/v2\/product_cat?post=57493"},{"taxonomy":"product_tag","embeddable":true,"href":"https:\/\/www.livrariarema.com.br\/loja\/wp-json\/wp\/v2\/product_tag?post=57493"}],"curies":[{"name":"wp","href":"https:\/\/api.w.org\/{rel}","templated":true}]}}