{"id":57887,"date":"2021-01-22T11:13:00","date_gmt":"2021-01-22T14:13:00","guid":{"rendered":"https:\/\/www.livrariarema.com.br\/loja\/produtos\/sem%20categoria\/conversa-com-deus-stormie-omartian\/"},"modified":"2026-04-30T11:35:13","modified_gmt":"2026-04-30T14:35:13","slug":"conversa-com-deus-stormie-omartian","status":"publish","type":"product","link":"https:\/\/www.livrariarema.com.br\/loja\/produtos\/livros\/oracao\/conversa-com-deus-stormie-omartian\/","title":{"rendered":"Conversa Com Deus &#8211; Stormie Omartian"},"content":{"rendered":"<p>AS ESCRITURAS SAGRADAS apontam a import\u00e2ncia e a necessidade da ora\u00e7\u00e3o. N\u00e3o se trata de obriga\u00e7\u00e3o ou mero cumprimento de uma ordem divina.<br \/>\nOrar \u00e9 natural para quem compreende Deus como o Senhor de sua vida e de todas as coisas. Se n\u00e3o orarmos, deixaremos de compartilhar com o Criador alegrias e frustra\u00e7\u00f5es, vit\u00f3rias e derrotas. Deus se importa conosco e, \u00e0 sua maneira, ele sempre responde \u00e0s nossas inquieta\u00e7\u00f5es.<\/p>\n<p>Sobre o livro<br \/>\n&#8203;Reconhecida internacionalmente por suas obras sobre o poder de orar, Stormie Omartian re\u00fane aqui v\u00e1rias ora\u00e7\u00f5es que ela levou a Deus ao longo de sua vida.<br \/>\nConversa com Deus \u00e9 um incentivo para voc\u00ea alegrar-se em Deus e confiar naquele que a ama como ningu\u00e9m jamais amar\u00e1.<\/p>\n","protected":false},"excerpt":{"rendered":"<p>AS ESCRITURAS SAGRADAS apontam a import\u00e2ncia e a necessidade da ora\u00e7\u00e3o. N\u00e3o se trata de obriga\u00e7\u00e3o ou mero cumprimento de&hellip;<\/p>\n","protected":false},"featured_media":347827,"comment_status":"open","ping_status":"closed","template":"","meta":[],"product_cat":[134,171],"product_tag":[],"_links":{"self":[{"href":"https:\/\/www.livrariarema.com.br\/loja\/wp-json\/wp\/v2\/product\/57887"}],"collection":[{"href":"https:\/\/www.livrariarema.com.br\/loja\/wp-json\/wp\/v2\/product"}],"about":[{"href":"https:\/\/www.livrariarema.com.br\/loja\/wp-json\/wp\/v2\/types\/product"}],"replies":[{"embeddable":true,"href":"https:\/\/www.livrariarema.com.br\/loja\/wp-json\/wp\/v2\/comments?post=57887"}],"wp:featuredmedia":[{"embeddable":true,"href":"https:\/\/www.livrariarema.com.br\/loja\/wp-json\/wp\/v2\/media\/347827"}],"wp:attachment":[{"href":"https:\/\/www.livrariarema.com.br\/loja\/wp-json\/wp\/v2\/media?parent=57887"}],"wp:term":[{"taxonomy":"product_cat","embeddable":true,"href":"https:\/\/www.livrariarema.com.br\/loja\/wp-json\/wp\/v2\/product_cat?post=57887"},{"taxonomy":"product_tag","embeddable":true,"href":"https:\/\/www.livrariarema.com.br\/loja\/wp-json\/wp\/v2\/product_tag?post=57887"}],"curies":[{"name":"wp","href":"https:\/\/api.w.org\/{rel}","templated":true}]}}