{"id":57907,"date":"2021-01-22T11:13:40","date_gmt":"2021-01-22T14:13:40","guid":{"rendered":"https:\/\/www.livrariarema.com.br\/loja\/produtos\/sem%20categoria\/assunto-do-ceu-c-s-lewis\/"},"modified":"2026-02-27T17:11:07","modified_gmt":"2026-02-27T20:11:07","slug":"assunto-do-ceu-c-s-lewis","status":"publish","type":"product","link":"https:\/\/www.livrariarema.com.br\/loja\/produtos\/livros\/devocional\/assunto-do-ceu-c-s-lewis\/","title":{"rendered":"Assunto Do C\u00e9u &#8211; C. S. Lewis"},"content":{"rendered":"<p>Uma das caracter\u00edsticas que notabilizaram o acad\u00eamico, escritor e cr\u00edtico C.S. Lewis foi sua extraordin\u00e1ria capacidade de abordar qualquer tema com perspic\u00e1cia, fosse em seus escritos ou suas palestras. Tal habilidade se mostrava ainda mais peculiar pelo fato de boa parte das observa\u00e7\u00f5es, dos coment\u00e1rios e das an\u00e1lises que fazia serem fundamentadas em sua estrutura de valores crist\u00e3. Assim, deliberadamente ou por acaso, disponibilizou vasto material com evidente teor devocional e moral ao longo da extens\u00e3o de sua obra. Fazendo as vezes de um garimpeiro, o consultor liter\u00e1rio norte-americano Walter Hooper se disp\u00f4s a selecionar trechos especialmente inspirativos dos escritos de Lewis &#8211; tarefa que n\u00e3o poderia ter sido cumprida por melhores m\u00e3os, j\u00e1 que Hooper foi secret\u00e1rio particular do autor de As cr\u00f4nicas de N\u00e1rnia, Cristianismo puro e simples e Trilogia c\u00f3smica em seus \u00faltimos anos de vida. O resultado de sua pesquisa foi uma compila\u00e7\u00e3o de mensagens inspirativas para os 365 dias do ano.<\/p>\n","protected":false},"excerpt":{"rendered":"<p>Uma das caracter\u00edsticas que notabilizaram o acad\u00eamico, escritor e cr\u00edtico C.S. Lewis foi sua extraordin\u00e1ria capacidade de abordar qualquer tema&hellip;<\/p>\n","protected":false},"featured_media":343341,"comment_status":"open","ping_status":"closed","template":"","meta":[],"product_cat":[158,134],"product_tag":[],"_links":{"self":[{"href":"https:\/\/www.livrariarema.com.br\/loja\/wp-json\/wp\/v2\/product\/57907"}],"collection":[{"href":"https:\/\/www.livrariarema.com.br\/loja\/wp-json\/wp\/v2\/product"}],"about":[{"href":"https:\/\/www.livrariarema.com.br\/loja\/wp-json\/wp\/v2\/types\/product"}],"replies":[{"embeddable":true,"href":"https:\/\/www.livrariarema.com.br\/loja\/wp-json\/wp\/v2\/comments?post=57907"}],"wp:featuredmedia":[{"embeddable":true,"href":"https:\/\/www.livrariarema.com.br\/loja\/wp-json\/wp\/v2\/media\/343341"}],"wp:attachment":[{"href":"https:\/\/www.livrariarema.com.br\/loja\/wp-json\/wp\/v2\/media?parent=57907"}],"wp:term":[{"taxonomy":"product_cat","embeddable":true,"href":"https:\/\/www.livrariarema.com.br\/loja\/wp-json\/wp\/v2\/product_cat?post=57907"},{"taxonomy":"product_tag","embeddable":true,"href":"https:\/\/www.livrariarema.com.br\/loja\/wp-json\/wp\/v2\/product_tag?post=57907"}],"curies":[{"name":"wp","href":"https:\/\/api.w.org\/{rel}","templated":true}]}}