{"id":57926,"date":"2021-01-22T11:14:22","date_gmt":"2021-01-22T14:14:22","guid":{"rendered":"https:\/\/www.livrariarema.com.br\/loja\/produtos\/sem%20categoria\/devocionais-das-maravilhas-livro-4-apec\/"},"modified":"2024-08-12T10:18:27","modified_gmt":"2024-08-12T13:18:27","slug":"devocionais-das-maravilhas-livro-4-apec","status":"publish","type":"product","link":"https:\/\/www.livrariarema.com.br\/loja\/produtos\/livros\/infantil\/devocionais-das-maravilhas-livro-4-apec\/","title":{"rendered":"Devocionais Das Maravilhas &#8211; Livro 4 &#8211; Passe Tempo Com Deus!"},"content":{"rendered":"<p>Este Livro comp\u00f5e a s\u00e9rie 60 Dias com Devocionais das Maravilhas<\/p>\n<p>Conhecer Deus \u00e9 uma grande aventura! Voc\u00ea sabia que Deus quer que voc\u00ea passe tempo com Ele a cada dia? Esta obra ajudar\u00e1 voc\u00ea em seu devocional di\u00e1rio por 2 meses.<\/p>\n<p>Material para crian\u00e7as alfabetizadas ou para crian\u00e7as que ter\u00e3o o acompanhamento de um adulto.<\/p>\n","protected":false},"excerpt":{"rendered":"<p>Este Livro comp\u00f5e a s\u00e9rie 60 Dias com Devocionais das Maravilhas Conhecer Deus \u00e9 uma grande aventura! Voc\u00ea sabia que&hellip;<\/p>\n","protected":false},"featured_media":310834,"comment_status":"open","ping_status":"closed","template":"","meta":[],"product_cat":[144,134],"product_tag":[],"_links":{"self":[{"href":"https:\/\/www.livrariarema.com.br\/loja\/wp-json\/wp\/v2\/product\/57926"}],"collection":[{"href":"https:\/\/www.livrariarema.com.br\/loja\/wp-json\/wp\/v2\/product"}],"about":[{"href":"https:\/\/www.livrariarema.com.br\/loja\/wp-json\/wp\/v2\/types\/product"}],"replies":[{"embeddable":true,"href":"https:\/\/www.livrariarema.com.br\/loja\/wp-json\/wp\/v2\/comments?post=57926"}],"wp:featuredmedia":[{"embeddable":true,"href":"https:\/\/www.livrariarema.com.br\/loja\/wp-json\/wp\/v2\/media\/310834"}],"wp:attachment":[{"href":"https:\/\/www.livrariarema.com.br\/loja\/wp-json\/wp\/v2\/media?parent=57926"}],"wp:term":[{"taxonomy":"product_cat","embeddable":true,"href":"https:\/\/www.livrariarema.com.br\/loja\/wp-json\/wp\/v2\/product_cat?post=57926"},{"taxonomy":"product_tag","embeddable":true,"href":"https:\/\/www.livrariarema.com.br\/loja\/wp-json\/wp\/v2\/product_tag?post=57926"}],"curies":[{"name":"wp","href":"https:\/\/api.w.org\/{rel}","templated":true}]}}