{"id":58303,"date":"2021-01-22T11:26:19","date_gmt":"2021-01-22T14:26:19","guid":{"rendered":"https:\/\/www.livrariarema.com.br\/loja\/produtos\/sem%20categoria\/anne-vol-1-anne-de-green-gables-lucy-maud-montgomery\/"},"modified":"2026-04-15T17:01:50","modified_gmt":"2026-04-15T20:01:50","slug":"anne-vol-1-anne-de-green-gables-lucy-maud-montgomery","status":"publish","type":"product","link":"https:\/\/www.livrariarema.com.br\/loja\/produtos\/livros\/juvenil\/anne-vol-1-anne-de-green-gables-lucy-maud-montgomery\/","title":{"rendered":"Anne &#8211; Vol. 1 &#8211; Anne De Green Gables &#8211; Lucy Maud Montgomery"},"content":{"rendered":"<p>Anne \u00e9 uma pobre \u00f3rf\u00e3 que foi enviada por engano para a fazenda de Green Gables, pois os irm\u00e3os Marilla e Matthew tinham a inten\u00e7\u00e3o de adotar um menino para auxiliar nos trabalhos dom\u00e9sticos. Com pena da pobre garota, os dois resolveram mant\u00ea-la na fazenda ao descobrirem que, definitivamente, era uma menininha diferente de todas as outras.<\/p>\n","protected":false},"excerpt":{"rendered":"<p>Anne \u00e9 uma pobre \u00f3rf\u00e3 que foi enviada por engano para a fazenda de Green Gables, pois os irm\u00e3os Marilla&hellip;<\/p>\n","protected":false},"featured_media":346718,"comment_status":"open","ping_status":"closed","template":"","meta":[],"product_cat":[184,134],"product_tag":[],"_links":{"self":[{"href":"https:\/\/www.livrariarema.com.br\/loja\/wp-json\/wp\/v2\/product\/58303"}],"collection":[{"href":"https:\/\/www.livrariarema.com.br\/loja\/wp-json\/wp\/v2\/product"}],"about":[{"href":"https:\/\/www.livrariarema.com.br\/loja\/wp-json\/wp\/v2\/types\/product"}],"replies":[{"embeddable":true,"href":"https:\/\/www.livrariarema.com.br\/loja\/wp-json\/wp\/v2\/comments?post=58303"}],"wp:featuredmedia":[{"embeddable":true,"href":"https:\/\/www.livrariarema.com.br\/loja\/wp-json\/wp\/v2\/media\/346718"}],"wp:attachment":[{"href":"https:\/\/www.livrariarema.com.br\/loja\/wp-json\/wp\/v2\/media?parent=58303"}],"wp:term":[{"taxonomy":"product_cat","embeddable":true,"href":"https:\/\/www.livrariarema.com.br\/loja\/wp-json\/wp\/v2\/product_cat?post=58303"},{"taxonomy":"product_tag","embeddable":true,"href":"https:\/\/www.livrariarema.com.br\/loja\/wp-json\/wp\/v2\/product_tag?post=58303"}],"curies":[{"name":"wp","href":"https:\/\/api.w.org\/{rel}","templated":true}]}}