{"id":58498,"date":"2021-01-22T11:32:44","date_gmt":"2021-01-22T14:32:44","guid":{"rendered":"https:\/\/www.livrariarema.com.br\/loja\/produtos\/sem%20categoria\/lindas-oracoes-para-meninas-susie-brooks\/"},"modified":"2026-03-13T11:30:38","modified_gmt":"2026-03-13T14:30:38","slug":"lindas-oracoes-para-meninas-susie-brooks","status":"publish","type":"product","link":"https:\/\/www.livrariarema.com.br\/loja\/produtos\/livros\/infantil\/lindas-oracoes-para-meninas-susie-brooks\/","title":{"rendered":"Almofadado &#8211; Lindas Ora\u00e7\u00f5es Para Meninas &#8211; Susie Brooks"},"content":{"rendered":"<p>Com este livro, as meninas poder\u00e3o agradecer a Deus por todas as coisas que ele criou.<\/p>\n","protected":false},"excerpt":{"rendered":"<p>Com este livro, as meninas poder\u00e3o agradecer a Deus por todas as coisas que ele criou.<\/p>\n","protected":false},"featured_media":329362,"comment_status":"open","ping_status":"closed","template":"","meta":[],"product_cat":[144,134],"product_tag":[],"_links":{"self":[{"href":"https:\/\/www.livrariarema.com.br\/loja\/wp-json\/wp\/v2\/product\/58498"}],"collection":[{"href":"https:\/\/www.livrariarema.com.br\/loja\/wp-json\/wp\/v2\/product"}],"about":[{"href":"https:\/\/www.livrariarema.com.br\/loja\/wp-json\/wp\/v2\/types\/product"}],"replies":[{"embeddable":true,"href":"https:\/\/www.livrariarema.com.br\/loja\/wp-json\/wp\/v2\/comments?post=58498"}],"wp:featuredmedia":[{"embeddable":true,"href":"https:\/\/www.livrariarema.com.br\/loja\/wp-json\/wp\/v2\/media\/329362"}],"wp:attachment":[{"href":"https:\/\/www.livrariarema.com.br\/loja\/wp-json\/wp\/v2\/media?parent=58498"}],"wp:term":[{"taxonomy":"product_cat","embeddable":true,"href":"https:\/\/www.livrariarema.com.br\/loja\/wp-json\/wp\/v2\/product_cat?post=58498"},{"taxonomy":"product_tag","embeddable":true,"href":"https:\/\/www.livrariarema.com.br\/loja\/wp-json\/wp\/v2\/product_tag?post=58498"}],"curies":[{"name":"wp","href":"https:\/\/api.w.org\/{rel}","templated":true}]}}