{"id":58542,"date":"2021-01-22T11:34:06","date_gmt":"2021-01-22T14:34:06","guid":{"rendered":"https:\/\/www.livrariarema.com.br\/loja\/produtos\/sem%20categoria\/edificando-sobre-a-rocha-vol-3-como-deus-usou-uma-nevasca-joel-beeke\/"},"modified":"2026-04-11T11:40:45","modified_gmt":"2026-04-11T14:40:45","slug":"edificando-sobre-a-rocha-vol-3-como-deus-usou-uma-nevasca-joel-beeke","status":"publish","type":"product","link":"https:\/\/www.livrariarema.com.br\/loja\/produtos\/livros\/juvenil\/edificando-sobre-a-rocha-vol-3-como-deus-usou-uma-nevasca-joel-beeke\/","title":{"rendered":"Edificando Sobre A Rocha &#8211; Vol 3 &#8211; Como Deus Usou Uma Nevasca &#8211; Joel Beeke"},"content":{"rendered":"<p>Um ex\u00e9rcito hostil est\u00e1 se aproximando rapidamente da pequena vila b\u00e1ltica. Karl e sua m\u00e3e temem por suas vidas. Karl tenta bloquear a porta do chal\u00e9, enquanto a sua m\u00e3e continua lendo a B\u00edblia. No final, Deus usa uma nevasca para proteg\u00ea-los do inimigo. Mas como ele faz isso?<\/p>\n<p>Descubra ao ler o resto desta hist\u00f3ria. A muitas outras hist\u00f3rias nesse livro. Leia sobre a nevasca, sobre uma pequena escrava, e sobre um tigre feroz. Voc\u00ea tamb\u00e9m conhecer as diversas hist\u00f3rias de resgate dram\u00e1ticos, e sobre como honrar a Deus.<\/p>\n<p>Este livro faz parte da s\u00e9rie Edificando sobre a Rocha:<\/p>\n<p>1. Como Deus Usou Uma Tempestade<\/p>\n<p>2. Como Deus Impediu os Piratas<\/p>\n<p>3. Como Deus Usou Uma Nevasca<\/p>\n<p>4. Como Deus Usou uma Seca e um Guarda-Chuva<\/p>\n<p>5. Como Deus Mandou um Cachorro para Salvar uma Fam\u00edlia<\/p>\n","protected":false},"excerpt":{"rendered":"<p>Um ex\u00e9rcito hostil est\u00e1 se aproximando rapidamente da pequena vila b\u00e1ltica. Karl e sua m\u00e3e temem por suas vidas. Karl&hellip;<\/p>\n","protected":false},"featured_media":343064,"comment_status":"open","ping_status":"closed","template":"","meta":[],"product_cat":[184,134],"product_tag":[],"_links":{"self":[{"href":"https:\/\/www.livrariarema.com.br\/loja\/wp-json\/wp\/v2\/product\/58542"}],"collection":[{"href":"https:\/\/www.livrariarema.com.br\/loja\/wp-json\/wp\/v2\/product"}],"about":[{"href":"https:\/\/www.livrariarema.com.br\/loja\/wp-json\/wp\/v2\/types\/product"}],"replies":[{"embeddable":true,"href":"https:\/\/www.livrariarema.com.br\/loja\/wp-json\/wp\/v2\/comments?post=58542"}],"wp:featuredmedia":[{"embeddable":true,"href":"https:\/\/www.livrariarema.com.br\/loja\/wp-json\/wp\/v2\/media\/343064"}],"wp:attachment":[{"href":"https:\/\/www.livrariarema.com.br\/loja\/wp-json\/wp\/v2\/media?parent=58542"}],"wp:term":[{"taxonomy":"product_cat","embeddable":true,"href":"https:\/\/www.livrariarema.com.br\/loja\/wp-json\/wp\/v2\/product_cat?post=58542"},{"taxonomy":"product_tag","embeddable":true,"href":"https:\/\/www.livrariarema.com.br\/loja\/wp-json\/wp\/v2\/product_tag?post=58542"}],"curies":[{"name":"wp","href":"https:\/\/api.w.org\/{rel}","templated":true}]}}