{"id":58546,"date":"2021-01-22T11:34:15","date_gmt":"2021-01-22T14:34:15","guid":{"rendered":"https:\/\/www.livrariarema.com.br\/loja\/produtos\/sem%20categoria\/edificando-sobre-a-rocha-vol-4-como-deus-usou-uma-seca-e-um-guarda-chuva-joel-beeke\/"},"modified":"2026-02-19T16:35:39","modified_gmt":"2026-02-19T19:35:39","slug":"edificando-sobre-a-rocha-vol-4-como-deus-usou-uma-seca-e-um-guarda-chuva-joel-beeke","status":"publish","type":"product","link":"https:\/\/www.livrariarema.com.br\/loja\/produtos\/livros\/juvenil\/edificando-sobre-a-rocha-vol-4-como-deus-usou-uma-seca-e-um-guarda-chuva-joel-beeke\/","title":{"rendered":"Edificando Sobre A Rocha &#8211; Vol 4 &#8211; Como Deus Usou Uma Seca E Um Guarda-Chuva &#8211; Joel Beeke"},"content":{"rendered":"<p>Aquela era a seca mais longa que qualquer pessoa da regi\u00e3o j\u00e1 tinha visto. Todos estavam morando por chuva. Os campos estavam secos, os animais estavam com sede, e todos estavam com calor. Mas apenas uma garotinha realmente acredito que Deus responderia, e assim ela ensinou seu pastor uma li\u00e7\u00e3o. Descubra como ela fez isso lembro resto deste relato, al\u00e9m de muitas outras hist\u00f3rias edificantes. Leia sobre a seca sobre o homem pobre que se tornou rico e sobre o menino que era pastor de ovelhas e perdeu sou velinha. Voc\u00ea tamb\u00e9m ir\u00e1 sobre v\u00e1rias crian\u00e7as que confiaram fielmente em Jesus.<\/p>\n<p>Este livro faz parte da s\u00e9rie Edificando sobre a Rocha:<\/p>\n<p>1. Como Deus Usou Uma Tempestade<\/p>\n<p>2. Como Deus Impediu os Piratas<\/p>\n<p>3. Como Deus Usou Uma Nevasca<\/p>\n<p>4. Como Deus Usou uma Seca e um Guarda-Chuva<\/p>\n<p>5. Como Deus Mandou um Cachorro para Salvar uma Fam\u00edlia<\/p>\n","protected":false},"excerpt":{"rendered":"<p>Aquela era a seca mais longa que qualquer pessoa da regi\u00e3o j\u00e1 tinha visto. Todos estavam morando por chuva. Os&hellip;<\/p>\n","protected":false},"featured_media":343065,"comment_status":"open","ping_status":"closed","template":"","meta":[],"product_cat":[184,134],"product_tag":[],"_links":{"self":[{"href":"https:\/\/www.livrariarema.com.br\/loja\/wp-json\/wp\/v2\/product\/58546"}],"collection":[{"href":"https:\/\/www.livrariarema.com.br\/loja\/wp-json\/wp\/v2\/product"}],"about":[{"href":"https:\/\/www.livrariarema.com.br\/loja\/wp-json\/wp\/v2\/types\/product"}],"replies":[{"embeddable":true,"href":"https:\/\/www.livrariarema.com.br\/loja\/wp-json\/wp\/v2\/comments?post=58546"}],"wp:featuredmedia":[{"embeddable":true,"href":"https:\/\/www.livrariarema.com.br\/loja\/wp-json\/wp\/v2\/media\/343065"}],"wp:attachment":[{"href":"https:\/\/www.livrariarema.com.br\/loja\/wp-json\/wp\/v2\/media?parent=58546"}],"wp:term":[{"taxonomy":"product_cat","embeddable":true,"href":"https:\/\/www.livrariarema.com.br\/loja\/wp-json\/wp\/v2\/product_cat?post=58546"},{"taxonomy":"product_tag","embeddable":true,"href":"https:\/\/www.livrariarema.com.br\/loja\/wp-json\/wp\/v2\/product_tag?post=58546"}],"curies":[{"name":"wp","href":"https:\/\/api.w.org\/{rel}","templated":true}]}}