{"id":58562,"date":"2021-01-22T11:34:46","date_gmt":"2021-01-22T14:34:46","guid":{"rendered":"https:\/\/www.livrariarema.com.br\/loja\/produtos\/sem%20categoria\/deus-nos-fez-assim-shai-linne\/"},"modified":"2026-03-20T11:44:53","modified_gmt":"2026-03-20T14:44:53","slug":"deus-nos-fez-assim-shai-linne","status":"publish","type":"product","link":"https:\/\/www.livrariarema.com.br\/loja\/produtos\/livros\/infantil\/deus-nos-fez-assim-shai-linne\/","title":{"rendered":"Deus Nos Fez Assim &#8211; Shai Linne"},"content":{"rendered":"<p>ENSINE SEU FILHO SOBRE A MARAVILHOSA DIVERSIDADE DA CRIA\u00c7\u00c3O DE DEUS<\/p>\n<p>Pensado para crian\u00e7as de quatro a onze anos, Deus nos fez assim, do artista crist\u00e3o Shai Linne, traz o ensino b\u00edblico de que a diversidade \u00e9tnica n\u00e3o \u00e9 algo que deve ser tolerado, mas sim celebrado com entusiasmo para a gl\u00f3ria de Deus. Ao final, o autor oferece ferramentas aos pais, a fim de orient\u00e1-los sobre como ter essa conversa t\u00e3o importante com seus filhos.<\/p>\n","protected":false},"excerpt":{"rendered":"<p>ENSINE SEU FILHO SOBRE A MARAVILHOSA DIVERSIDADE DA CRIA\u00c7\u00c3O DE DEUS Pensado para crian\u00e7as de quatro a onze anos, Deus&hellip;<\/p>\n","protected":false},"featured_media":346347,"comment_status":"open","ping_status":"closed","template":"","meta":[],"product_cat":[144,134],"product_tag":[],"_links":{"self":[{"href":"https:\/\/www.livrariarema.com.br\/loja\/wp-json\/wp\/v2\/product\/58562"}],"collection":[{"href":"https:\/\/www.livrariarema.com.br\/loja\/wp-json\/wp\/v2\/product"}],"about":[{"href":"https:\/\/www.livrariarema.com.br\/loja\/wp-json\/wp\/v2\/types\/product"}],"replies":[{"embeddable":true,"href":"https:\/\/www.livrariarema.com.br\/loja\/wp-json\/wp\/v2\/comments?post=58562"}],"wp:featuredmedia":[{"embeddable":true,"href":"https:\/\/www.livrariarema.com.br\/loja\/wp-json\/wp\/v2\/media\/346347"}],"wp:attachment":[{"href":"https:\/\/www.livrariarema.com.br\/loja\/wp-json\/wp\/v2\/media?parent=58562"}],"wp:term":[{"taxonomy":"product_cat","embeddable":true,"href":"https:\/\/www.livrariarema.com.br\/loja\/wp-json\/wp\/v2\/product_cat?post=58562"},{"taxonomy":"product_tag","embeddable":true,"href":"https:\/\/www.livrariarema.com.br\/loja\/wp-json\/wp\/v2\/product_tag?post=58562"}],"curies":[{"name":"wp","href":"https:\/\/api.w.org\/{rel}","templated":true}]}}