{"id":58732,"date":"2021-01-22T11:39:54","date_gmt":"2021-01-22T14:39:54","guid":{"rendered":"https:\/\/www.livrariarema.com.br\/loja\/produtos\/sem%20categoria\/bom-perfume-de-cristo-o-samuel-mitt\/"},"modified":"2025-10-23T11:40:46","modified_gmt":"2025-10-23T14:40:46","slug":"bom-perfume-de-cristo-o-samuel-mitt","status":"publish","type":"product","link":"https:\/\/www.livrariarema.com.br\/loja\/produtos\/livros\/biografia\/bom-perfume-de-cristo-o-samuel-mitt\/","title":{"rendered":"Bom Perfume De Cristo, O &#8211; Samuel Mitt"},"content":{"rendered":"<p>O pastor Samuel Mitt, ainda na meia-idade, tomou uma decis\u00e3o que determinou sua abordagem \u00e0 terceira idade, fazendo dela verdadeiramente o que chamamos de &#8220;melhor idade&#8221;. Em O bom perfume de Cristo, ele compartilha as aventuras vividas do Norte ao Sul do Brasil e em outros pa\u00edses enquanto exercia seu chamado ministerial. As pessoas que influenciaram sua caminhada exalando o perfume do Salvador s\u00e3o apresentadas com tocante ternura. Seus conselhos e advert\u00eancias s\u00e3o v\u00e1lidos para todas as idades e fases da vida.<\/p>\n","protected":false},"excerpt":{"rendered":"<p>O pastor Samuel Mitt, ainda na meia-idade, tomou uma decis\u00e3o que determinou sua abordagem \u00e0 terceira idade, fazendo dela verdadeiramente&hellip;<\/p>\n","protected":false},"featured_media":234205,"comment_status":"open","ping_status":"closed","template":"","meta":[],"product_cat":[181,134],"product_tag":[],"_links":{"self":[{"href":"https:\/\/www.livrariarema.com.br\/loja\/wp-json\/wp\/v2\/product\/58732"}],"collection":[{"href":"https:\/\/www.livrariarema.com.br\/loja\/wp-json\/wp\/v2\/product"}],"about":[{"href":"https:\/\/www.livrariarema.com.br\/loja\/wp-json\/wp\/v2\/types\/product"}],"replies":[{"embeddable":true,"href":"https:\/\/www.livrariarema.com.br\/loja\/wp-json\/wp\/v2\/comments?post=58732"}],"wp:featuredmedia":[{"embeddable":true,"href":"https:\/\/www.livrariarema.com.br\/loja\/wp-json\/wp\/v2\/media\/234205"}],"wp:attachment":[{"href":"https:\/\/www.livrariarema.com.br\/loja\/wp-json\/wp\/v2\/media?parent=58732"}],"wp:term":[{"taxonomy":"product_cat","embeddable":true,"href":"https:\/\/www.livrariarema.com.br\/loja\/wp-json\/wp\/v2\/product_cat?post=58732"},{"taxonomy":"product_tag","embeddable":true,"href":"https:\/\/www.livrariarema.com.br\/loja\/wp-json\/wp\/v2\/product_tag?post=58732"}],"curies":[{"name":"wp","href":"https:\/\/api.w.org\/{rel}","templated":true}]}}