{"id":58756,"date":"2021-01-22T11:40:26","date_gmt":"2021-01-22T14:40:26","guid":{"rendered":"https:\/\/www.livrariarema.com.br\/loja\/produtos\/sem%20categoria\/ntlh560pvv-valores-para-a-vida-em-manga\/"},"modified":"2026-05-06T16:10:33","modified_gmt":"2026-05-06T19:10:33","slug":"ntlh560pvv-valores-para-a-vida-em-manga","status":"publish","type":"product","link":"https:\/\/www.livrariarema.com.br\/loja\/produtos\/livros\/manga-hq\/ntlh560pvv-valores-para-a-vida-em-manga\/","title":{"rendered":"Ntlh560pvv &#8211; Valores Para A Vida Em Mang\u00e1"},"content":{"rendered":"<p>O livro Valores para a vida em mang\u00e1 \u00e9 uma ferramenta pr\u00e1tica para tratar de valores fundamentais para o relacionamento do jovem e adolescente com a fam\u00edlia, a Igreja e a sociedade. A publica\u00e7\u00e3o re\u00fane seis hist\u00f3rias em quadrinhos no estilo mang\u00e1 que tratam de seis valores, sempre relacionados com o cotidiano do jovem. S\u00e3o eles: amor, respeito, amizade, responsabilidade, humildade e honestidade. Cada hist\u00f3ria tem uma introdu\u00e7\u00e3o acerca do valor abordado, traz a refer\u00eancia b\u00edblica correspondente na Nova Tradu\u00e7\u00e3o na Linguagem de Hoje e prop\u00f5e atividades para a fixa\u00e7\u00e3o do conte\u00fado. Publicada originalmente pela Sociedade B\u00edblica Peruana, a publica\u00e7\u00e3o contribui para a reflex\u00e3o de temas que orientam o jovem e promovem seu desenvolvimento moral e espiritual.<\/p>\n","protected":false},"excerpt":{"rendered":"<p>O livro Valores para a vida em mang\u00e1 \u00e9 uma ferramenta pr\u00e1tica para tratar de valores fundamentais para o relacionamento&hellip;<\/p>\n","protected":false},"featured_media":343819,"comment_status":"open","ping_status":"closed","template":"","meta":[],"product_cat":[134,189],"product_tag":[],"_links":{"self":[{"href":"https:\/\/www.livrariarema.com.br\/loja\/wp-json\/wp\/v2\/product\/58756"}],"collection":[{"href":"https:\/\/www.livrariarema.com.br\/loja\/wp-json\/wp\/v2\/product"}],"about":[{"href":"https:\/\/www.livrariarema.com.br\/loja\/wp-json\/wp\/v2\/types\/product"}],"replies":[{"embeddable":true,"href":"https:\/\/www.livrariarema.com.br\/loja\/wp-json\/wp\/v2\/comments?post=58756"}],"wp:featuredmedia":[{"embeddable":true,"href":"https:\/\/www.livrariarema.com.br\/loja\/wp-json\/wp\/v2\/media\/343819"}],"wp:attachment":[{"href":"https:\/\/www.livrariarema.com.br\/loja\/wp-json\/wp\/v2\/media?parent=58756"}],"wp:term":[{"taxonomy":"product_cat","embeddable":true,"href":"https:\/\/www.livrariarema.com.br\/loja\/wp-json\/wp\/v2\/product_cat?post=58756"},{"taxonomy":"product_tag","embeddable":true,"href":"https:\/\/www.livrariarema.com.br\/loja\/wp-json\/wp\/v2\/product_tag?post=58756"}],"curies":[{"name":"wp","href":"https:\/\/api.w.org\/{rel}","templated":true}]}}