{"id":58935,"date":"2021-01-22T11:45:59","date_gmt":"2021-01-22T14:45:59","guid":{"rendered":"https:\/\/www.livrariarema.com.br\/loja\/produtos\/sem%20categoria\/anne-mais-cronicas-de-avonlea\/"},"modified":"2026-04-15T17:00:40","modified_gmt":"2026-04-15T20:00:40","slug":"anne-mais-cronicas-de-avonlea","status":"publish","type":"product","link":"https:\/\/www.livrariarema.com.br\/loja\/produtos\/livros\/juvenil\/anne-mais-cronicas-de-avonlea\/","title":{"rendered":"Anne &#8211; Mais Cronicas De Avonlea"},"content":{"rendered":"<p>Diversas hist\u00f3rias de personagens cativantes habitam o encantador mundo de Avonlea. Na ilha Pr\u00edncipe Edwards v\u00e1rios casamentos s\u00e3o celebrados enquanto alguns procuram pretendentes, outros vivem em um tri\u00e2ngulo amoroso. Um amado gato persa foge e lamentos misteriosos ecoam dos ventos da regi\u00e3o, chamando a aten\u00e7\u00e3o de uma m\u00e3e. Mais cr\u00f4nicas de Avonlea re\u00fane 15 contos de Lucy Maud Montgomery com alguns personagens conhecidos da querida Anne Shirley.<\/p>\n","protected":false},"excerpt":{"rendered":"<p>Diversas hist\u00f3rias de personagens cativantes habitam o encantador mundo de Avonlea. Na ilha Pr\u00edncipe Edwards v\u00e1rios casamentos s\u00e3o celebrados enquanto&hellip;<\/p>\n","protected":false},"featured_media":282157,"comment_status":"open","ping_status":"closed","template":"","meta":[],"product_cat":[184,134],"product_tag":[],"_links":{"self":[{"href":"https:\/\/www.livrariarema.com.br\/loja\/wp-json\/wp\/v2\/product\/58935"}],"collection":[{"href":"https:\/\/www.livrariarema.com.br\/loja\/wp-json\/wp\/v2\/product"}],"about":[{"href":"https:\/\/www.livrariarema.com.br\/loja\/wp-json\/wp\/v2\/types\/product"}],"replies":[{"embeddable":true,"href":"https:\/\/www.livrariarema.com.br\/loja\/wp-json\/wp\/v2\/comments?post=58935"}],"wp:featuredmedia":[{"embeddable":true,"href":"https:\/\/www.livrariarema.com.br\/loja\/wp-json\/wp\/v2\/media\/282157"}],"wp:attachment":[{"href":"https:\/\/www.livrariarema.com.br\/loja\/wp-json\/wp\/v2\/media?parent=58935"}],"wp:term":[{"taxonomy":"product_cat","embeddable":true,"href":"https:\/\/www.livrariarema.com.br\/loja\/wp-json\/wp\/v2\/product_cat?post=58935"},{"taxonomy":"product_tag","embeddable":true,"href":"https:\/\/www.livrariarema.com.br\/loja\/wp-json\/wp\/v2\/product_tag?post=58935"}],"curies":[{"name":"wp","href":"https:\/\/api.w.org\/{rel}","templated":true}]}}