{"id":59366,"date":"2021-01-22T13:24:42","date_gmt":"2021-01-22T16:24:42","guid":{"rendered":"https:\/\/www.livrariarema.com.br\/loja\/produtos\/sem%20categoria\/biblia-acf-semi-luxo-preta\/"},"modified":"2025-02-04T16:52:15","modified_gmt":"2025-02-04T19:52:15","slug":"biblia-acf-semi-luxo-preta","status":"publish","type":"product","link":"https:\/\/www.livrariarema.com.br\/loja\/produtos\/biblias\/revista-corrigida-fiel\/biblia-acf-semi-luxo-preta\/","title":{"rendered":"B\u00edblia &#8211; Acf &#8211; Semi Luxo &#8211; Preta"},"content":{"rendered":"<p>Considerada extremamente fidedigna aos textos originais utilizados pelo tradutor Jo\u00e3o Ferreira de Almeida, a vers\u00e3o Corrigida Fiel \u00e9 uma das mais apreciadas por quem l\u00ea a B\u00edblia. Pensando em atender aos anseios desse p\u00fablico, a GEOGR\u00c1FICA EDITORA lan\u00e7a a B\u00edblia ACF, uma moderna edi\u00e7\u00e3o para um cl\u00e1ssico consagrado. Com papel de primeira qualidade, cantos arredondados e pintura lateral, a B\u00edblia ACF tem formato mais fino do que o convencional &#8211; ideal para facilitar o transporte e o uso &#8211; e capa r\u00edgida, o que garante sua durabilidade.<\/p>\n","protected":false},"excerpt":{"rendered":"<p>Considerada extremamente fidedigna aos textos originais utilizados pelo tradutor Jo\u00e3o Ferreira de Almeida, a vers\u00e3o Corrigida Fiel \u00e9 uma das&hellip;<\/p>\n","protected":false},"featured_media":325828,"comment_status":"open","ping_status":"closed","template":"","meta":[],"product_cat":[139,212],"product_tag":[],"_links":{"self":[{"href":"https:\/\/www.livrariarema.com.br\/loja\/wp-json\/wp\/v2\/product\/59366"}],"collection":[{"href":"https:\/\/www.livrariarema.com.br\/loja\/wp-json\/wp\/v2\/product"}],"about":[{"href":"https:\/\/www.livrariarema.com.br\/loja\/wp-json\/wp\/v2\/types\/product"}],"replies":[{"embeddable":true,"href":"https:\/\/www.livrariarema.com.br\/loja\/wp-json\/wp\/v2\/comments?post=59366"}],"wp:featuredmedia":[{"embeddable":true,"href":"https:\/\/www.livrariarema.com.br\/loja\/wp-json\/wp\/v2\/media\/325828"}],"wp:attachment":[{"href":"https:\/\/www.livrariarema.com.br\/loja\/wp-json\/wp\/v2\/media?parent=59366"}],"wp:term":[{"taxonomy":"product_cat","embeddable":true,"href":"https:\/\/www.livrariarema.com.br\/loja\/wp-json\/wp\/v2\/product_cat?post=59366"},{"taxonomy":"product_tag","embeddable":true,"href":"https:\/\/www.livrariarema.com.br\/loja\/wp-json\/wp\/v2\/product_tag?post=59366"}],"curies":[{"name":"wp","href":"https:\/\/api.w.org\/{rel}","templated":true}]}}