{"id":59641,"date":"2021-01-22T13:40:23","date_gmt":"2021-01-22T16:40:23","guid":{"rendered":"https:\/\/www.livrariarema.com.br\/loja\/produtos\/sem%20categoria\/leve-me-com-voce-historias-biblicas\/"},"modified":"2025-12-11T16:03:42","modified_gmt":"2025-12-11T19:03:42","slug":"leve-me-com-voce-historias-biblicas","status":"publish","type":"product","link":"https:\/\/www.livrariarema.com.br\/loja\/produtos\/livros\/infantil\/leve-me-com-voce-historias-biblicas\/","title":{"rendered":"Leve-Me Com Voc\u00ea &#8211; Hist\u00f3rias B\u00edblicas"},"content":{"rendered":"<p>Lindas hist\u00f3rias para acompanh\u00e1-lo a todo momento.<\/p>\n","protected":false},"excerpt":{"rendered":"<p>Lindas hist\u00f3rias para acompanh\u00e1-lo a todo momento.<\/p>\n","protected":false},"featured_media":318666,"comment_status":"open","ping_status":"closed","template":"","meta":[],"product_cat":[144,134],"product_tag":[],"_links":{"self":[{"href":"https:\/\/www.livrariarema.com.br\/loja\/wp-json\/wp\/v2\/product\/59641"}],"collection":[{"href":"https:\/\/www.livrariarema.com.br\/loja\/wp-json\/wp\/v2\/product"}],"about":[{"href":"https:\/\/www.livrariarema.com.br\/loja\/wp-json\/wp\/v2\/types\/product"}],"replies":[{"embeddable":true,"href":"https:\/\/www.livrariarema.com.br\/loja\/wp-json\/wp\/v2\/comments?post=59641"}],"wp:featuredmedia":[{"embeddable":true,"href":"https:\/\/www.livrariarema.com.br\/loja\/wp-json\/wp\/v2\/media\/318666"}],"wp:attachment":[{"href":"https:\/\/www.livrariarema.com.br\/loja\/wp-json\/wp\/v2\/media?parent=59641"}],"wp:term":[{"taxonomy":"product_cat","embeddable":true,"href":"https:\/\/www.livrariarema.com.br\/loja\/wp-json\/wp\/v2\/product_cat?post=59641"},{"taxonomy":"product_tag","embeddable":true,"href":"https:\/\/www.livrariarema.com.br\/loja\/wp-json\/wp\/v2\/product_tag?post=59641"}],"curies":[{"name":"wp","href":"https:\/\/api.w.org\/{rel}","templated":true}]}}