{"id":59644,"date":"2021-01-22T13:40:27","date_gmt":"2021-01-22T16:40:27","guid":{"rendered":"https:\/\/www.livrariarema.com.br\/loja\/produtos\/sem%20categoria\/leve-me-com-voce-minha-pequena-biblia\/"},"modified":"2026-02-23T16:30:38","modified_gmt":"2026-02-23T19:30:38","slug":"leve-me-com-voce-minha-pequena-biblia","status":"publish","type":"product","link":"https:\/\/www.livrariarema.com.br\/loja\/produtos\/livros\/infantil\/leve-me-com-voce-minha-pequena-biblia\/","title":{"rendered":"Leve-Me Com Voc\u00ea &#8211; Minha Pequena B\u00edblia"},"content":{"rendered":"<p>&#8211; Encorajam os primeiros di\u00e1logos com Deus, estimulam a f\u00e9, a esperan\u00e7a e o amor<br \/>\n&#8211; Propicia, pela leitura compartilhada, momentos de aconchego em fam\u00edlia.<br \/>\n&#8211; Formato ideal para o manuseio das m\u00e3ozinhas.<br \/>\n&#8211; Edi\u00e7\u00e3o luxo com uma charmosa al\u00e7a que permite carreg\u00e1-lo para qualquer lugar.<\/p>\n<p>Lindas hist\u00f3rias para acompanh\u00e1-lo a todo momento.<\/p>\n","protected":false},"excerpt":{"rendered":"<p>&#8211; Encorajam os primeiros di\u00e1logos com Deus, estimulam a f\u00e9, a esperan\u00e7a e o amor &#8211; Propicia, pela leitura compartilhada,&hellip;<\/p>\n","protected":false},"featured_media":331576,"comment_status":"open","ping_status":"closed","template":"","meta":[],"product_cat":[144,134],"product_tag":[],"_links":{"self":[{"href":"https:\/\/www.livrariarema.com.br\/loja\/wp-json\/wp\/v2\/product\/59644"}],"collection":[{"href":"https:\/\/www.livrariarema.com.br\/loja\/wp-json\/wp\/v2\/product"}],"about":[{"href":"https:\/\/www.livrariarema.com.br\/loja\/wp-json\/wp\/v2\/types\/product"}],"replies":[{"embeddable":true,"href":"https:\/\/www.livrariarema.com.br\/loja\/wp-json\/wp\/v2\/comments?post=59644"}],"wp:featuredmedia":[{"embeddable":true,"href":"https:\/\/www.livrariarema.com.br\/loja\/wp-json\/wp\/v2\/media\/331576"}],"wp:attachment":[{"href":"https:\/\/www.livrariarema.com.br\/loja\/wp-json\/wp\/v2\/media?parent=59644"}],"wp:term":[{"taxonomy":"product_cat","embeddable":true,"href":"https:\/\/www.livrariarema.com.br\/loja\/wp-json\/wp\/v2\/product_cat?post=59644"},{"taxonomy":"product_tag","embeddable":true,"href":"https:\/\/www.livrariarema.com.br\/loja\/wp-json\/wp\/v2\/product_tag?post=59644"}],"curies":[{"name":"wp","href":"https:\/\/api.w.org\/{rel}","templated":true}]}}