{"id":60017,"date":"2021-01-22T13:51:20","date_gmt":"2021-01-22T16:51:20","guid":{"rendered":"https:\/\/www.livrariarema.com.br\/loja\/produtos\/sem%20categoria\/crises-do-cristo-as-g-campbell-morgan\/"},"modified":"2026-03-20T17:42:20","modified_gmt":"2026-03-20T20:42:20","slug":"crises-do-cristo-as-g-campbell-morgan","status":"publish","type":"product","link":"https:\/\/www.livrariarema.com.br\/loja\/produtos\/livros\/crescimento-espiritual\/crises-do-cristo-as-g-campbell-morgan\/","title":{"rendered":"Crises Do Cristo, As &#8211; G. Campbell Morgan"},"content":{"rendered":"<p>Considerada uma obra prima, e possivelmente a principal dentre as suas grandes contribui\u00e7\u00f5es, G. Campbell Morgan traz em As Crises do Cristo uma abordagem singular com a qual revela a majestade e gl\u00f3ria da pessoa e da obra de Jesus &#8211; o Cristo de Deus -, os sete marcantes eventos de Sua vida aos quais o autor chama de crises: Sua encarna\u00e7\u00e3o, batismo, tenta\u00e7\u00e3o, transfigura\u00e7\u00e3o, crucifica\u00e7\u00e3o, ressurrei\u00e7\u00e3o e ascens\u00e3o.<\/p>\n<p>O livro abre apresentando o clamor por um Redentor que surgiu em consequ\u00eancia do pecado e queda do homem. O Senhor Jesus Cristo consumou a obra de reden\u00e7\u00e3o marcada indelevelmente por sete grandiosos eventos, reverentemente expostos com a clareza anal\u00edtica e a profundidade devocional do Pr\u00edncipe dos Expositores. O livro termina mostrando de forma inequ\u00edvoca que o homem, por meio de Cristo, foi plenamente restaurado a Deus.<\/p>\n","protected":false},"excerpt":{"rendered":"<p>Considerada uma obra prima, e possivelmente a principal dentre as suas grandes contribui\u00e7\u00f5es, G. Campbell Morgan traz em As Crises&hellip;<\/p>\n","protected":false},"featured_media":335421,"comment_status":"open","ping_status":"closed","template":"","meta":[],"product_cat":[147,134],"product_tag":[],"_links":{"self":[{"href":"https:\/\/www.livrariarema.com.br\/loja\/wp-json\/wp\/v2\/product\/60017"}],"collection":[{"href":"https:\/\/www.livrariarema.com.br\/loja\/wp-json\/wp\/v2\/product"}],"about":[{"href":"https:\/\/www.livrariarema.com.br\/loja\/wp-json\/wp\/v2\/types\/product"}],"replies":[{"embeddable":true,"href":"https:\/\/www.livrariarema.com.br\/loja\/wp-json\/wp\/v2\/comments?post=60017"}],"wp:featuredmedia":[{"embeddable":true,"href":"https:\/\/www.livrariarema.com.br\/loja\/wp-json\/wp\/v2\/media\/335421"}],"wp:attachment":[{"href":"https:\/\/www.livrariarema.com.br\/loja\/wp-json\/wp\/v2\/media?parent=60017"}],"wp:term":[{"taxonomy":"product_cat","embeddable":true,"href":"https:\/\/www.livrariarema.com.br\/loja\/wp-json\/wp\/v2\/product_cat?post=60017"},{"taxonomy":"product_tag","embeddable":true,"href":"https:\/\/www.livrariarema.com.br\/loja\/wp-json\/wp\/v2\/product_tag?post=60017"}],"curies":[{"name":"wp","href":"https:\/\/api.w.org\/{rel}","templated":true}]}}