{"id":60019,"date":"2021-01-22T13:57:19","date_gmt":"2021-01-22T16:57:19","guid":{"rendered":"https:\/\/www.livrariarema.com.br\/loja\/produtos\/sem%20categoria\/caneta-uni-ball-eye-ultra-micro-0-38mm-preta\/"},"modified":"2026-04-20T12:50:40","modified_gmt":"2026-04-20T15:50:40","slug":"caneta-uni-ball-eye-ultra-micro-0-38mm-preta","status":"publish","type":"product","link":"https:\/\/www.livrariarema.com.br\/loja\/produtos\/papelaria\/canetas\/caneta-uni-ball-eye-ultra-micro-0-38mm-preta\/","title":{"rendered":"Caneta &#8211; Uni Eye Ultra Micro &#8211; Rollerball &#8211; 0.38Mm &#8211; Preto"},"content":{"rendered":"<p>Caneta esferogr\u00e1fica 0.38 &#8211; Eye Ultra Micro &#8211; Uni-Ball<\/p>\n<p>&#8211; Caneta rollerball com ponta de a\u00e7o tungst\u00eanio que permite uma escrita r\u00e1pida e menor atrito sobre o papel <br \/>\n&#8211; Com visualiza\u00e7\u00e3o do n\u00edvel da tinta<br \/>\n&#8211; Sistema de fluxo cont\u00ednuo<\/p>\n<p>Registro Inmetro: 006 197\/2015<\/p>\n","protected":false},"excerpt":{"rendered":"<p>Caneta esferogr\u00e1fica 0.38 &#8211; Eye Ultra Micro &#8211; Uni-Ball &#8211; Caneta rollerball com ponta de a\u00e7o tungst\u00eanio que permite uma&hellip;<\/p>\n","protected":false},"featured_media":338086,"comment_status":"open","ping_status":"closed","template":"","meta":[],"product_cat":[216,215],"product_tag":[],"_links":{"self":[{"href":"https:\/\/www.livrariarema.com.br\/loja\/wp-json\/wp\/v2\/product\/60019"}],"collection":[{"href":"https:\/\/www.livrariarema.com.br\/loja\/wp-json\/wp\/v2\/product"}],"about":[{"href":"https:\/\/www.livrariarema.com.br\/loja\/wp-json\/wp\/v2\/types\/product"}],"replies":[{"embeddable":true,"href":"https:\/\/www.livrariarema.com.br\/loja\/wp-json\/wp\/v2\/comments?post=60019"}],"wp:featuredmedia":[{"embeddable":true,"href":"https:\/\/www.livrariarema.com.br\/loja\/wp-json\/wp\/v2\/media\/338086"}],"wp:attachment":[{"href":"https:\/\/www.livrariarema.com.br\/loja\/wp-json\/wp\/v2\/media?parent=60019"}],"wp:term":[{"taxonomy":"product_cat","embeddable":true,"href":"https:\/\/www.livrariarema.com.br\/loja\/wp-json\/wp\/v2\/product_cat?post=60019"},{"taxonomy":"product_tag","embeddable":true,"href":"https:\/\/www.livrariarema.com.br\/loja\/wp-json\/wp\/v2\/product_tag?post=60019"}],"curies":[{"name":"wp","href":"https:\/\/api.w.org\/{rel}","templated":true}]}}