{"id":60272,"date":"2021-01-22T14:14:39","date_gmt":"2021-01-22T17:14:39","guid":{"rendered":"https:\/\/www.livrariarema.com.br\/loja\/produtos\/sem%20categoria\/pasta-maleta-aba-elastico-oficio-lombada-5cm-dac-verde\/"},"modified":"2025-02-19T12:20:13","modified_gmt":"2025-02-19T15:20:13","slug":"pasta-maleta-aba-elastico-oficio-lombada-5cm-dac-verde","status":"publish","type":"product","link":"https:\/\/www.livrariarema.com.br\/loja\/produtos\/papelaria\/pasta\/pasta-maleta-aba-elastico-oficio-lombada-5cm-dac-verde\/","title":{"rendered":"Pasta Maleta Aba El\u00e1stico Oficio Lombada 5Cm &#8211; Dac &#8211; Verde"},"content":{"rendered":"<p>A Maleta tem o tamanho ideal para guardar o material das crian\u00e7as no tamanho of\u00edcio, A4 ou menores. \u00c9 pr\u00e1tica e f\u00e1cil de levar para a escola ou qualquer lugar sem risco de amass\u00e1-los.<\/p>\n<p>Composi\u00e7\u00e3o: Polipropileno<\/p>\n<p>Detalhes:\tCom al\u00e7a e fechamento em el\u00e1stico \/Chapa Onda<\/p>\n","protected":false},"excerpt":{"rendered":"<p>A Maleta tem o tamanho ideal para guardar o material das crian\u00e7as no tamanho of\u00edcio, A4 ou menores. \u00c9 pr\u00e1tica&hellip;<\/p>\n","protected":false},"featured_media":314622,"comment_status":"open","ping_status":"closed","template":"","meta":[],"product_cat":[215,260],"product_tag":[],"_links":{"self":[{"href":"https:\/\/www.livrariarema.com.br\/loja\/wp-json\/wp\/v2\/product\/60272"}],"collection":[{"href":"https:\/\/www.livrariarema.com.br\/loja\/wp-json\/wp\/v2\/product"}],"about":[{"href":"https:\/\/www.livrariarema.com.br\/loja\/wp-json\/wp\/v2\/types\/product"}],"replies":[{"embeddable":true,"href":"https:\/\/www.livrariarema.com.br\/loja\/wp-json\/wp\/v2\/comments?post=60272"}],"wp:featuredmedia":[{"embeddable":true,"href":"https:\/\/www.livrariarema.com.br\/loja\/wp-json\/wp\/v2\/media\/314622"}],"wp:attachment":[{"href":"https:\/\/www.livrariarema.com.br\/loja\/wp-json\/wp\/v2\/media?parent=60272"}],"wp:term":[{"taxonomy":"product_cat","embeddable":true,"href":"https:\/\/www.livrariarema.com.br\/loja\/wp-json\/wp\/v2\/product_cat?post=60272"},{"taxonomy":"product_tag","embeddable":true,"href":"https:\/\/www.livrariarema.com.br\/loja\/wp-json\/wp\/v2\/product_tag?post=60272"}],"curies":[{"name":"wp","href":"https:\/\/api.w.org\/{rel}","templated":true}]}}