{"id":60672,"date":"2021-01-22T14:37:48","date_gmt":"2021-01-22T17:37:48","guid":{"rendered":"https:\/\/www.livrariarema.com.br\/loja\/produtos\/sem%20categoria\/na60-biblia-sagrada-brochura-ilustrada\/"},"modified":"2026-05-09T14:10:18","modified_gmt":"2026-05-09T17:10:18","slug":"na60-biblia-sagrada-brochura-ilustrada","status":"publish","type":"product","link":"https:\/\/www.livrariarema.com.br\/loja\/produtos\/biblias\/nova-almeida-atualizada\/na60-biblia-sagrada-brochura-ilustrada\/","title":{"rendered":"Na60 &#8211; B\u00edblia Sagrada &#8211; Brochura &#8211; Ilustrada"},"content":{"rendered":"<p>Ideal para a\u00e7\u00f5es de evangeliza\u00e7\u00e3o, essa B\u00edblia possui tradu\u00e7\u00e3o Nova Almeida Atualizada (NAA) e \u00e9 uma excelente op\u00e7\u00e3o para o dia-a-dia.<\/p>\n<p>A Nova Almeida Atualizada (NAA) \u00e9 uma tradu\u00e7\u00e3o lan\u00e7ada em 2017 pela SBB, resultado de uma profunda revis\u00e3o da consagrada tradu\u00e7\u00e3o Almeida Revista e Atualizada. Ela apresenta um texto cl\u00e1ssico com uma linguagem atual, seguindo a norma padr\u00e3o do portugu\u00eas escrito e falado no Brasil.<\/p>\n","protected":false},"excerpt":{"rendered":"<p>Ideal para a\u00e7\u00f5es de evangeliza\u00e7\u00e3o, essa B\u00edblia possui tradu\u00e7\u00e3o Nova Almeida Atualizada (NAA) e \u00e9 uma excelente op\u00e7\u00e3o para o&hellip;<\/p>\n","protected":false},"featured_media":324010,"comment_status":"open","ping_status":"closed","template":"","meta":[],"product_cat":[139,174],"product_tag":[],"_links":{"self":[{"href":"https:\/\/www.livrariarema.com.br\/loja\/wp-json\/wp\/v2\/product\/60672"}],"collection":[{"href":"https:\/\/www.livrariarema.com.br\/loja\/wp-json\/wp\/v2\/product"}],"about":[{"href":"https:\/\/www.livrariarema.com.br\/loja\/wp-json\/wp\/v2\/types\/product"}],"replies":[{"embeddable":true,"href":"https:\/\/www.livrariarema.com.br\/loja\/wp-json\/wp\/v2\/comments?post=60672"}],"wp:featuredmedia":[{"embeddable":true,"href":"https:\/\/www.livrariarema.com.br\/loja\/wp-json\/wp\/v2\/media\/324010"}],"wp:attachment":[{"href":"https:\/\/www.livrariarema.com.br\/loja\/wp-json\/wp\/v2\/media?parent=60672"}],"wp:term":[{"taxonomy":"product_cat","embeddable":true,"href":"https:\/\/www.livrariarema.com.br\/loja\/wp-json\/wp\/v2\/product_cat?post=60672"},{"taxonomy":"product_tag","embeddable":true,"href":"https:\/\/www.livrariarema.com.br\/loja\/wp-json\/wp\/v2\/product_tag?post=60672"}],"curies":[{"name":"wp","href":"https:\/\/api.w.org\/{rel}","templated":true}]}}