{"id":61116,"date":"2021-01-22T14:50:47","date_gmt":"2021-01-22T17:50:47","guid":{"rendered":"https:\/\/www.livrariarema.com.br\/loja\/produtos\/sem%20categoria\/profecia-extasiante-stacey-campbell-e-wesley-campbell\/"},"modified":"2024-10-28T10:20:01","modified_gmt":"2024-10-28T13:20:01","slug":"profecia-extasiante-stacey-campbell-e-wesley-campbell","status":"publish","type":"product","link":"https:\/\/www.livrariarema.com.br\/loja\/produtos\/livros\/ministerio\/profecia-extasiante-stacey-campbell-e-wesley-campbell\/","title":{"rendered":"Profecia Extasiante &#8211; Stacey Campbell E Wesley Campbell"},"content":{"rendered":"<p>ISTO N\u00c3O PODE SER O ESP\u00cdRITO SANTO, OU PODE?<\/p>\n<p>Stacey Campbell acreditava que as experi\u00eancias sobrenaturais haviam cessado com a igreja Primitiva. Mas, um dia, independentemente de sua vontade, ela n\u00e3o ficou sentada passivamente durante uma reuni\u00e3o de ora\u00e7\u00e3o.<\/p>\n<p>Stacey come\u00e7ou a tremer, saltar, falar em l\u00ednguas e fazer pronunciamentos prof\u00e9ticos &#8211; completamente tomada pelo Esp\u00edrito Santo.<\/p>\n<p>O desejo de entender essa experi\u00eancia pela qual n\u00e3o pediu, levou Campbell, uma mestra e l\u00edder respeitada, a percorrer uma jornada mais profunda ao cora\u00e7\u00e3o de Deus. Neste livro, ela explora este dom not\u00e1vel no qual o Esp\u00edrito Santo domina uma pessoa por completo: corpo, alma e esp\u00edrito. Ela oferece exemplos b\u00edblicos, hist\u00f3ricos e dos dias atuais; tamb\u00e9m adverte contra o engano e explica como crescer nesse dom.<\/p>\n<p>&#8221; Mal percebi que o que pensei que seria um \u00f3timo livro para um segmento exclusivo do Corpo de Cristo, na verdade se tornaria um livro necess\u00e1rio para todo o Corpo de Cristo.&#8221; &#8211; do pref\u00e1cio de BILL JOHNSON, pastor da Bethel Church em Redding, Calif\u00f3rnia. Autor de Quando o C\u00e9u Invade a Terra e Face a Face com Deus.<br \/>\n<\/p>\n<p>&#8220;` Este livro o desafiar\u00e1 a ser mais plenamente dominado pela gloriosa presen\u00e7a de Deus.&#8221;<\/p>\n<p>                &#8211; HEIDI BAKER, diretora fundadora do minist\u00e9rio Iris.<\/p>\n<p>&#8221; Stacey n\u00e3o aborda este t\u00f3pico como uma observadora casual do que parece ser uma moda, mas como serva disciplinada, humilde e dedicada, esfor\u00e7ando-se por ouvir e obedecer \u00e0 voz do Deus vivo.&#8221;<\/p>\n<p>                &#8211; ROBERT STEARNS, Diretor Executivo do Eagle`s Wings, Nova Iorque\/Jerusal\u00e9m<\/p>\n<p>&#8221; O ap\u00f3stolo Paulo disse que existem variedades de manifesta\u00e7\u00f5es, e o ensinamento fundamentado contido neste livrfo amplia essa realidade.&#8221;<\/p>\n<p>                &#8211; JAMES W. e MICHAL ANN GOLL, dos minist\u00e9rios Encounters Network e Compassions Acts; autores de The Seer, The Prophetic intercessor e da s\u00e9rie Women on the Frontlines.<\/p>\n","protected":false},"excerpt":{"rendered":"<p>ISTO N\u00c3O PODE SER O ESP\u00cdRITO SANTO, OU PODE? Stacey Campbell acreditava que as experi\u00eancias sobrenaturais haviam cessado com a&hellip;<\/p>\n","protected":false},"featured_media":321390,"comment_status":"open","ping_status":"closed","template":"","meta":[],"product_cat":[134,148],"product_tag":[],"_links":{"self":[{"href":"https:\/\/www.livrariarema.com.br\/loja\/wp-json\/wp\/v2\/product\/61116"}],"collection":[{"href":"https:\/\/www.livrariarema.com.br\/loja\/wp-json\/wp\/v2\/product"}],"about":[{"href":"https:\/\/www.livrariarema.com.br\/loja\/wp-json\/wp\/v2\/types\/product"}],"replies":[{"embeddable":true,"href":"https:\/\/www.livrariarema.com.br\/loja\/wp-json\/wp\/v2\/comments?post=61116"}],"wp:featuredmedia":[{"embeddable":true,"href":"https:\/\/www.livrariarema.com.br\/loja\/wp-json\/wp\/v2\/media\/321390"}],"wp:attachment":[{"href":"https:\/\/www.livrariarema.com.br\/loja\/wp-json\/wp\/v2\/media?parent=61116"}],"wp:term":[{"taxonomy":"product_cat","embeddable":true,"href":"https:\/\/www.livrariarema.com.br\/loja\/wp-json\/wp\/v2\/product_cat?post=61116"},{"taxonomy":"product_tag","embeddable":true,"href":"https:\/\/www.livrariarema.com.br\/loja\/wp-json\/wp\/v2\/product_tag?post=61116"}],"curies":[{"name":"wp","href":"https:\/\/api.w.org\/{rel}","templated":true}]}}