{"id":63964,"date":"2021-02-04T14:40:24","date_gmt":"2021-02-04T17:40:24","guid":{"rendered":"https:\/\/www.livrariarema.com.br\/loja\/produtos\/sem%20categoria\/licoes-missionarias-investigadores-da-biblia-licoes-1-a-12\/"},"modified":"2024-08-27T15:18:31","modified_gmt":"2024-08-27T18:18:31","slug":"licoes-missionarias-investigadores-da-biblia-licoes-1-a-12","status":"publish","type":"product","link":"https:\/\/www.livrariarema.com.br\/loja\/produtos\/diversos\/flanelografo-e-cartazes\/licoes-missionarias-investigadores-da-biblia-licoes-1-a-12\/","title":{"rendered":"Li\u00e7\u00f5es Mission\u00e1rias &#8211; Investigadores Da B\u00edblia &#8211; Li\u00e7\u00f5es 1 A 12"},"content":{"rendered":"<p>Clube Investigadores da B\u00edblia \u00e9 um programa emocionante para que as crian\u00e7as aprendam as grandes verdades da B\u00edblia; conhe\u00e7am e recebam a Cristo como seu Salvador e aproximem-se Dele! Ideal para crian\u00e7as de 6 a 12 anos.<\/p>\n<p>O KIT inclui: Cartazes com visuais das li\u00e7\u00f5es 1 a 12 + CD de m\u00fasica +  guia do professor + manual de treinamento<\/p>\n<p>S\u00e3o 12 li\u00e7\u00f5es:<br \/>\n1) Como \u00e9 Deus?<br \/>\n2) Como \u00e9 Deus?<br \/>\n3) De onde viemos?<br \/>\n4) Quem \u00e9 nosso inimigo<br \/>\n5) Que \u00e9 o salvador prometido?<br \/>\n6) Jesus est\u00e1 vivo hoje?<br \/>\n7) Quatro perguntas sobre o pecado<br \/>\n8) Eu posso ser um filho de Deus!<br \/>\n9) Jesus voltar\u00e1!<br \/>\n10) Quatro coisas que Deus quer eu saiba<br \/>\n11) Uma nova pessoa em Cristo<br \/>\n12) O maior presente de Deus<\/p>\n","protected":false},"excerpt":{"rendered":"<p>Clube Investigadores da B\u00edblia \u00e9 um programa emocionante para que as crian\u00e7as aprendam as grandes verdades da B\u00edblia; conhe\u00e7am e&hellip;<\/p>\n","protected":false},"featured_media":312663,"comment_status":"open","ping_status":"closed","template":"","meta":[],"product_cat":[132,133],"product_tag":[],"_links":{"self":[{"href":"https:\/\/www.livrariarema.com.br\/loja\/wp-json\/wp\/v2\/product\/63964"}],"collection":[{"href":"https:\/\/www.livrariarema.com.br\/loja\/wp-json\/wp\/v2\/product"}],"about":[{"href":"https:\/\/www.livrariarema.com.br\/loja\/wp-json\/wp\/v2\/types\/product"}],"replies":[{"embeddable":true,"href":"https:\/\/www.livrariarema.com.br\/loja\/wp-json\/wp\/v2\/comments?post=63964"}],"wp:featuredmedia":[{"embeddable":true,"href":"https:\/\/www.livrariarema.com.br\/loja\/wp-json\/wp\/v2\/media\/312663"}],"wp:attachment":[{"href":"https:\/\/www.livrariarema.com.br\/loja\/wp-json\/wp\/v2\/media?parent=63964"}],"wp:term":[{"taxonomy":"product_cat","embeddable":true,"href":"https:\/\/www.livrariarema.com.br\/loja\/wp-json\/wp\/v2\/product_cat?post=63964"},{"taxonomy":"product_tag","embeddable":true,"href":"https:\/\/www.livrariarema.com.br\/loja\/wp-json\/wp\/v2\/product_tag?post=63964"}],"curies":[{"name":"wp","href":"https:\/\/api.w.org\/{rel}","templated":true}]}}