{"id":64061,"date":"2021-02-04T14:52:34","date_gmt":"2021-02-04T17:52:34","guid":{"rendered":"https:\/\/www.livrariarema.com.br\/loja\/produtos\/sem%20categoria\/gibi-56-cidadania-e-patriotismo\/"},"modified":"2025-12-05T11:21:08","modified_gmt":"2025-12-05T14:21:08","slug":"gibi-56-cidadania-e-patriotismo","status":"publish","type":"product","link":"https:\/\/www.livrariarema.com.br\/loja\/produtos\/livros\/manga-hq\/gibi-56-cidadania-e-patriotismo\/","title":{"rendered":"Gibi 56: Cidadania E Patriotismo"},"content":{"rendered":"<p>Publica\u00e7\u00e3o voltada para as crian\u00e7as com hist\u00f3ria b\u00edblica, hist\u00f3ria em quadrinhos e atividades que refor\u00e7am o ensino.<\/p>\n<p>Nessa edi\u00e7\u00e3o:<br \/>\nHist\u00f3ria em quadrinhos: Turma da B\u00edblia em 5 hist\u00f3rias:<br \/>\n: A Escola e o desfile c\u00edvico<br \/>\n: Dupla cidadania<br \/>\n: A armadura do Soldado<br \/>\n: Ajudando na EBF<br \/>\nHist\u00f3ria B\u00edblica: A multiplica\u00e7ao de p\u00e3es e peixes<br \/>\nE mais: Jogo dos 7 Erros, Labirinto, Ca\u00e7a-Palavras e Some e Decifre, Pintura.<\/p>\n<p>O Espa\u00e7o Crian\u00e7a vem encartado na Revista Trimestral da APEC &#8220;O Evangelista de Crian\u00e7as&#8221;.<\/p>\n","protected":false},"excerpt":{"rendered":"<p>Publica\u00e7\u00e3o voltada para as crian\u00e7as com hist\u00f3ria b\u00edblica, hist\u00f3ria em quadrinhos e atividades que refor\u00e7am o ensino. Nessa edi\u00e7\u00e3o: Hist\u00f3ria&hellip;<\/p>\n","protected":false},"featured_media":300367,"comment_status":"open","ping_status":"closed","template":"","meta":[],"product_cat":[134,189],"product_tag":[],"_links":{"self":[{"href":"https:\/\/www.livrariarema.com.br\/loja\/wp-json\/wp\/v2\/product\/64061"}],"collection":[{"href":"https:\/\/www.livrariarema.com.br\/loja\/wp-json\/wp\/v2\/product"}],"about":[{"href":"https:\/\/www.livrariarema.com.br\/loja\/wp-json\/wp\/v2\/types\/product"}],"replies":[{"embeddable":true,"href":"https:\/\/www.livrariarema.com.br\/loja\/wp-json\/wp\/v2\/comments?post=64061"}],"wp:featuredmedia":[{"embeddable":true,"href":"https:\/\/www.livrariarema.com.br\/loja\/wp-json\/wp\/v2\/media\/300367"}],"wp:attachment":[{"href":"https:\/\/www.livrariarema.com.br\/loja\/wp-json\/wp\/v2\/media?parent=64061"}],"wp:term":[{"taxonomy":"product_cat","embeddable":true,"href":"https:\/\/www.livrariarema.com.br\/loja\/wp-json\/wp\/v2\/product_cat?post=64061"},{"taxonomy":"product_tag","embeddable":true,"href":"https:\/\/www.livrariarema.com.br\/loja\/wp-json\/wp\/v2\/product_tag?post=64061"}],"curies":[{"name":"wp","href":"https:\/\/api.w.org\/{rel}","templated":true}]}}