{"id":64074,"date":"2021-02-04T14:57:07","date_gmt":"2021-02-04T17:57:07","guid":{"rendered":"https:\/\/www.livrariarema.com.br\/loja\/produtos\/sem%20categoria\/licoes-missionarias-charles-studd-cartazes\/"},"modified":"2024-12-23T11:31:38","modified_gmt":"2024-12-23T14:31:38","slug":"licoes-missionarias-charles-studd-cartazes","status":"publish","type":"product","link":"https:\/\/www.livrariarema.com.br\/loja\/produtos\/diversos\/flanelografo-e-cartazes\/licoes-missionarias-charles-studd-cartazes\/","title":{"rendered":"Li\u00e7\u00f5es Mission\u00e1rias &#8211; Charles Studd &#8211; Cartazes"},"content":{"rendered":"<p>Hist\u00f3ria verdadeira, em cinco cap\u00edtulos, sobre a vida de um homem que se entregou totalmente ao Senhor. Ele deixou seu lar, riquezas, conforto e fam\u00edlia para servir como mission\u00e1rio na China, \u00cdndia e \u00c1frica.<\/p>\n<p>Charles Studd se converteu quando era estudante no col\u00e9gio Eton. Contudo, permitiu que o jogo de cr\u00edquete tomasse um espa\u00e7o muito grande em sua vida. O esporte era o seu maior &#8220;\u00eddolo&#8221;, a coisa mais importante. Mais do que viver para o Senhor. Ele se voltou para Jesus enquanto estava na universidade de Cambridge, quando seu irm\u00e3o quase morreu v\u00edtima de uma enfermidade. Carlos pediu ao Senhor para perdo\u00e1-lo e ent\u00e3o passou a testemunhar. Mais tarde compreendeu que precisaria dar todo tempo de sua vida para Cristo e que n\u00e3o poderia servir a Deus por sua pr\u00f3pria for\u00e7a. Seria o Senhor operando Sua vontade nele e atrav\u00e9s dele. Seu lema era: &#8220;Se Jesus Cristo \u00e9 Deus e morreu por mim, ent\u00e3o nenhum sacrif\u00edcio que eu fizer ser\u00e1 grande demais para Ele&#8221;.<\/p>\n<p>Cont\u00e9m: Roteiro + cartazes coloridos (6 figuras para cada cap\u00edtulo) + perguntas para revis\u00e3o de cada li\u00e7\u00e3o.<\/p>\n","protected":false},"excerpt":{"rendered":"<p>Hist\u00f3ria verdadeira, em cinco cap\u00edtulos, sobre a vida de um homem que se entregou totalmente ao Senhor. Ele deixou seu&hellip;<\/p>\n","protected":false},"featured_media":0,"comment_status":"open","ping_status":"closed","template":"","meta":[],"product_cat":[132,133],"product_tag":[],"_links":{"self":[{"href":"https:\/\/www.livrariarema.com.br\/loja\/wp-json\/wp\/v2\/product\/64074"}],"collection":[{"href":"https:\/\/www.livrariarema.com.br\/loja\/wp-json\/wp\/v2\/product"}],"about":[{"href":"https:\/\/www.livrariarema.com.br\/loja\/wp-json\/wp\/v2\/types\/product"}],"replies":[{"embeddable":true,"href":"https:\/\/www.livrariarema.com.br\/loja\/wp-json\/wp\/v2\/comments?post=64074"}],"wp:attachment":[{"href":"https:\/\/www.livrariarema.com.br\/loja\/wp-json\/wp\/v2\/media?parent=64074"}],"wp:term":[{"taxonomy":"product_cat","embeddable":true,"href":"https:\/\/www.livrariarema.com.br\/loja\/wp-json\/wp\/v2\/product_cat?post=64074"},{"taxonomy":"product_tag","embeddable":true,"href":"https:\/\/www.livrariarema.com.br\/loja\/wp-json\/wp\/v2\/product_tag?post=64074"}],"curies":[{"name":"wp","href":"https:\/\/api.w.org\/{rel}","templated":true}]}}