{"id":65585,"date":"2021-02-11T15:46:52","date_gmt":"2021-02-11T18:46:52","guid":{"rendered":"https:\/\/www.livrariarema.com.br\/loja\/produtos\/sem%20categoria\/significado-do-casamento-o-devocional-timothy-keller-e-kathy-keller\/"},"modified":"2026-02-20T13:36:51","modified_gmt":"2026-02-20T16:36:51","slug":"significado-do-casamento-o-devocional-timothy-keller-e-kathy-keller","status":"publish","type":"product","link":"https:\/\/www.livrariarema.com.br\/loja\/produtos\/livros\/devocional\/significado-do-casamento-o-devocional-timothy-keller-e-kathy-keller\/","title":{"rendered":"Significado Do Casamento, O &#8211; Devocional &#8211; Timothy Keller E Kathy Keller"},"content":{"rendered":"<p>Neste devocional di\u00e1rio, Timothy Keller e a esposa, Kathy, compartilham orienta\u00e7\u00f5es e conselhos poderosos para um casamento saud\u00e1vel. Baseando-se em li\u00e7\u00f5es apresentadas em seu livro O significado do casamento (Vida Nova) e com reflex\u00f5es in\u00e9ditas, os autores oferecem aqui hist\u00f3rias, leituras b\u00edblicas di\u00e1rias e modelos de ora\u00e7\u00e3o que nos ajudam a compreender melhor o prop\u00f3sito de Deus para quest\u00f5es como amor, sexo e casamento. Um livro inspirador para aqueles que desejam conhecer mais a Deus e viver o amor de forma mais profunda nesta vida.<\/p>\n","protected":false},"excerpt":{"rendered":"<p>Neste devocional di\u00e1rio, Timothy Keller e a esposa, Kathy, compartilham orienta\u00e7\u00f5es e conselhos poderosos para um casamento saud\u00e1vel. Baseando-se em&hellip;<\/p>\n","protected":false},"featured_media":345090,"comment_status":"open","ping_status":"closed","template":"","meta":[],"product_cat":[158,134],"product_tag":[],"_links":{"self":[{"href":"https:\/\/www.livrariarema.com.br\/loja\/wp-json\/wp\/v2\/product\/65585"}],"collection":[{"href":"https:\/\/www.livrariarema.com.br\/loja\/wp-json\/wp\/v2\/product"}],"about":[{"href":"https:\/\/www.livrariarema.com.br\/loja\/wp-json\/wp\/v2\/types\/product"}],"replies":[{"embeddable":true,"href":"https:\/\/www.livrariarema.com.br\/loja\/wp-json\/wp\/v2\/comments?post=65585"}],"wp:featuredmedia":[{"embeddable":true,"href":"https:\/\/www.livrariarema.com.br\/loja\/wp-json\/wp\/v2\/media\/345090"}],"wp:attachment":[{"href":"https:\/\/www.livrariarema.com.br\/loja\/wp-json\/wp\/v2\/media?parent=65585"}],"wp:term":[{"taxonomy":"product_cat","embeddable":true,"href":"https:\/\/www.livrariarema.com.br\/loja\/wp-json\/wp\/v2\/product_cat?post=65585"},{"taxonomy":"product_tag","embeddable":true,"href":"https:\/\/www.livrariarema.com.br\/loja\/wp-json\/wp\/v2\/product_tag?post=65585"}],"curies":[{"name":"wp","href":"https:\/\/api.w.org\/{rel}","templated":true}]}}