{"id":66617,"date":"2021-02-17T11:22:49","date_gmt":"2021-02-17T14:22:49","guid":{"rendered":"https:\/\/www.livrariarema.com.br\/loja\/produtos\/sem%20categoria\/vida-em-cristo-a-john-stott\/"},"modified":"2026-03-27T10:21:52","modified_gmt":"2026-03-27T13:21:52","slug":"vida-em-cristo-a-john-stott","status":"publish","type":"product","link":"https:\/\/www.livrariarema.com.br\/loja\/produtos\/livros\/vida-crista\/vida-em-cristo-a-john-stott\/","title":{"rendered":"Vida Em Cristo, A &#8211; John Stott"},"content":{"rendered":"<p>N\u00c3O EXISTE CRISTIANISMO SEM CRISTO<\/p>\n<p>A f\u00e9 crist\u00e3 e a vida crist\u00e3 aut\u00eanticas t\u00eam como base a centralidade de Jesus Cristo. O que isso significa?<\/p>\n<p>Pr\u00e1tico e f\u00e1cil de ler, A VIDA EM CRISTO apresenta as implica\u00e7\u00f5es da vida crist\u00e3 a partir das &#8220;preposi\u00e7\u00f5es&#8221; usadas no Novo Testamento. Para John Stott, viver em Cristo, por meio de Cristo, sob Cristo, com Cristo, por Cristo e para Cristo mostra os diferentes aspectos do relacionamento com ele e, em cada caso, com o pr\u00f3prio Jesus Cristo no centro.<\/p>\n<p>Mais. Deus quer nos tornar semelhantes a Cristo. Ent\u00e3o, como desenvolver nosso relacionamento com ele? Como Jesus Cristo pode ocupar o lugar central em nossas vidas? Com a palavra, JOHN STOTT.<\/p>\n<p>Entre Jesus e qualquer outra pessoa n\u00e3o h\u00e1 compara\u00e7\u00e3o poss\u00edvel. Em A Vida em Cristo &#8211; indispens\u00e1vel -, John Stott examina a singularidade de Cristo atrav\u00e9s da perspectiva teol\u00f3gica. Com sua clareza cativante, Stott ensina que ser crist\u00e3 ou crist\u00e3o \u00e9 muito mais que conhecer fatos acerca de Jesus, mas viver nele, por ele e para ele.<br \/>\n&#8211; Davi Lago, Capel\u00e3o da Primeira Igreja Batista de S\u00e3o Paulo.<\/p>\n<p>Em A Vida em Cristo, a centralidade de Jesus Cristo \u00e9 ricamente trabalhada e exposta &#8211; po\u00e9tica e teologicamente &#8211; de modo acess\u00edvel e proveitoso, tanto para pregadores como eu e boa parte do p\u00fablico desse pastor de pastores, quanto para qualquer leitor.<br \/>\nE engana-se os que chamarem essa obra de &#8220;livrinho&#8221; devido ao seu tamanho conciso. Trata-se de uma teologia proposicional, como o autor criativamente descreve seu eixo de pensamento, em uma obra essencial para esses tempos de evangelicalismo midi\u00e1tico, aguado, doutrinariamente pobre ou, pior, herege. Recomendo com alegria e paix\u00e3o a leitura desse livro maravilhoso &#8211; fundamental, como toda a obra de John Stott.<br \/>\n&#8211; Gerson Borges, educador, m\u00fasico e pastor na Comunidade de Jesus em S\u00e3o Bernardo (SP).<\/p>\n","protected":false},"excerpt":{"rendered":"<p>N\u00c3O EXISTE CRISTIANISMO SEM CRISTO A f\u00e9 crist\u00e3 e a vida crist\u00e3 aut\u00eanticas t\u00eam como base a centralidade de Jesus&hellip;<\/p>\n","protected":false},"featured_media":336624,"comment_status":"open","ping_status":"closed","template":"","meta":[],"product_cat":[134,137],"product_tag":[],"_links":{"self":[{"href":"https:\/\/www.livrariarema.com.br\/loja\/wp-json\/wp\/v2\/product\/66617"}],"collection":[{"href":"https:\/\/www.livrariarema.com.br\/loja\/wp-json\/wp\/v2\/product"}],"about":[{"href":"https:\/\/www.livrariarema.com.br\/loja\/wp-json\/wp\/v2\/types\/product"}],"replies":[{"embeddable":true,"href":"https:\/\/www.livrariarema.com.br\/loja\/wp-json\/wp\/v2\/comments?post=66617"}],"wp:featuredmedia":[{"embeddable":true,"href":"https:\/\/www.livrariarema.com.br\/loja\/wp-json\/wp\/v2\/media\/336624"}],"wp:attachment":[{"href":"https:\/\/www.livrariarema.com.br\/loja\/wp-json\/wp\/v2\/media?parent=66617"}],"wp:term":[{"taxonomy":"product_cat","embeddable":true,"href":"https:\/\/www.livrariarema.com.br\/loja\/wp-json\/wp\/v2\/product_cat?post=66617"},{"taxonomy":"product_tag","embeddable":true,"href":"https:\/\/www.livrariarema.com.br\/loja\/wp-json\/wp\/v2\/product_tag?post=66617"}],"curies":[{"name":"wp","href":"https:\/\/api.w.org\/{rel}","templated":true}]}}