{"id":69036,"date":"2021-02-26T17:36:52","date_gmt":"2021-02-26T20:36:52","guid":{"rendered":"https:\/\/www.livrariarema.com.br\/loja\/produtos\/sem%20categoria\/arc63m-biblia-sagrada-capa-dura-preta\/"},"modified":"2026-02-02T10:10:43","modified_gmt":"2026-02-02T13:10:43","slug":"arc63m-biblia-sagrada-capa-dura-preta","status":"publish","type":"product","link":"https:\/\/www.livrariarema.com.br\/loja\/produtos\/biblias\/revista-corrigida-biblias\/arc63m-biblia-sagrada-capa-dura-preta\/","title":{"rendered":"Arc63m &#8211; B\u00edblia Sagrada &#8211; Capa Dura &#8211; Preta"},"content":{"rendered":"<p>Por seu valor acess\u00edvel, \u00e9 ideal para a\u00e7\u00f5es de evangeliza\u00e7\u00e3o.Cont\u00e9m um conjunto de recursos que fazem desta B\u00edblia uma excelente op\u00e7\u00e3o para o dia-a-dia.<\/p>\n","protected":false},"excerpt":{"rendered":"<p>Por seu valor acess\u00edvel, \u00e9 ideal para a\u00e7\u00f5es de evangeliza\u00e7\u00e3o.Cont\u00e9m um conjunto de recursos que fazem desta B\u00edblia uma excelente&hellip;<\/p>\n","protected":false},"featured_media":342156,"comment_status":"open","ping_status":"closed","template":"","meta":[],"product_cat":[139,149],"product_tag":[],"_links":{"self":[{"href":"https:\/\/www.livrariarema.com.br\/loja\/wp-json\/wp\/v2\/product\/69036"}],"collection":[{"href":"https:\/\/www.livrariarema.com.br\/loja\/wp-json\/wp\/v2\/product"}],"about":[{"href":"https:\/\/www.livrariarema.com.br\/loja\/wp-json\/wp\/v2\/types\/product"}],"replies":[{"embeddable":true,"href":"https:\/\/www.livrariarema.com.br\/loja\/wp-json\/wp\/v2\/comments?post=69036"}],"wp:featuredmedia":[{"embeddable":true,"href":"https:\/\/www.livrariarema.com.br\/loja\/wp-json\/wp\/v2\/media\/342156"}],"wp:attachment":[{"href":"https:\/\/www.livrariarema.com.br\/loja\/wp-json\/wp\/v2\/media?parent=69036"}],"wp:term":[{"taxonomy":"product_cat","embeddable":true,"href":"https:\/\/www.livrariarema.com.br\/loja\/wp-json\/wp\/v2\/product_cat?post=69036"},{"taxonomy":"product_tag","embeddable":true,"href":"https:\/\/www.livrariarema.com.br\/loja\/wp-json\/wp\/v2\/product_tag?post=69036"}],"curies":[{"name":"wp","href":"https:\/\/api.w.org\/{rel}","templated":true}]}}