{"id":69820,"date":"2021-03-04T11:48:16","date_gmt":"2021-03-04T14:48:16","guid":{"rendered":"https:\/\/www.livrariarema.com.br\/loja\/produtos\/sem%20categoria\/experiencia-da-mesa-a-devi-titus-2\/"},"modified":"2026-02-23T13:11:01","modified_gmt":"2026-02-23T16:11:01","slug":"experiencia-da-mesa-a-devi-titus-2","status":"publish","type":"product","link":"https:\/\/www.livrariarema.com.br\/loja\/produtos\/livros\/casamento\/experiencia-da-mesa-a-devi-titus-2\/","title":{"rendered":"Experi\u00eancia Da Mesa, A &#8211; Devi Titus"},"content":{"rendered":"<p>&#8220;Um manual para a sa\u00fade do relacionamento familiar.<\/p>\n<p>A correria do dia a dia e uma agenda cheia de atividades t\u00eam interferido em um dos momentos mais importantes que se pode ter em fam\u00edlia: a hora das refei\u00e7\u00f5es. A quest\u00e3o n\u00e3o \u00e9 a alimenta\u00e7\u00e3o em si, mas o compartilhar entre as pessoas, o investimento nos relacionamentos que a mesa nos proporciona.<\/p>\n<p>Devi Titus desvenda a import\u00e2ncia da mesa nas Escrituras e compartilha com voc\u00ea a b\u00ean\u00e7\u00e3o de se investir nestes momentos em fam\u00edlia, com amigos e pessoas queridas, na constru\u00e7\u00e3o de relacionamentos mais fortes e sadios.&#8221;<\/p>\n","protected":false},"excerpt":{"rendered":"<p>&#8220;Um manual para a sa\u00fade do relacionamento familiar. A correria do dia a dia e uma agenda cheia de atividades&hellip;<\/p>\n","protected":false},"featured_media":344332,"comment_status":"open","ping_status":"closed","template":"","meta":[],"product_cat":[155,134],"product_tag":[],"_links":{"self":[{"href":"https:\/\/www.livrariarema.com.br\/loja\/wp-json\/wp\/v2\/product\/69820"}],"collection":[{"href":"https:\/\/www.livrariarema.com.br\/loja\/wp-json\/wp\/v2\/product"}],"about":[{"href":"https:\/\/www.livrariarema.com.br\/loja\/wp-json\/wp\/v2\/types\/product"}],"replies":[{"embeddable":true,"href":"https:\/\/www.livrariarema.com.br\/loja\/wp-json\/wp\/v2\/comments?post=69820"}],"wp:featuredmedia":[{"embeddable":true,"href":"https:\/\/www.livrariarema.com.br\/loja\/wp-json\/wp\/v2\/media\/344332"}],"wp:attachment":[{"href":"https:\/\/www.livrariarema.com.br\/loja\/wp-json\/wp\/v2\/media?parent=69820"}],"wp:term":[{"taxonomy":"product_cat","embeddable":true,"href":"https:\/\/www.livrariarema.com.br\/loja\/wp-json\/wp\/v2\/product_cat?post=69820"},{"taxonomy":"product_tag","embeddable":true,"href":"https:\/\/www.livrariarema.com.br\/loja\/wp-json\/wp\/v2\/product_tag?post=69820"}],"curies":[{"name":"wp","href":"https:\/\/api.w.org\/{rel}","templated":true}]}}