{"id":75479,"date":"2021-04-13T12:14:18","date_gmt":"2021-04-13T15:14:18","guid":{"rendered":"https:\/\/www.livrariarema.com.br\/loja\/produtos\/sem%20categoria\/biblia-e-a-pratica-homossexual-a-textos-e-hermeneutica-robert-a-j-gagnon\/"},"modified":"2026-02-20T13:01:20","modified_gmt":"2026-02-20T16:01:20","slug":"biblia-e-a-pratica-homossexual-a-textos-e-hermeneutica-robert-a-j-gagnon","status":"publish","type":"product","link":"https:\/\/www.livrariarema.com.br\/loja\/produtos\/promocao\/livros-promocao\/biblia-e-a-pratica-homossexual-a-textos-e-hermeneutica-robert-a-j-gagnon\/","title":{"rendered":"B\u00edblia E A Pr\u00e1tica Homossexual, A &#8211; Textos E Hermen\u00eautica &#8211; Robert A. J. Gagnon"},"content":{"rendered":"<p>A mais completa an\u00e1lise feita at\u00e9 hoje dos textos b\u00edblicos relacionados \u00e0 homossexualidade.<\/p>\n<p>Com argumentos incisivos e bem articulados, Robert Gagnon demonstra que a B\u00edblia \u00e9 un\u00e2nime em definir a rela\u00e7\u00e3o homossexual como pecado. Ao mesmo tempo, o autor estabelece um di\u00e1logo rigoroso com estudiosos da B\u00edblia e historiadores que se posicionam contra ou a favor desse entendimento. Gagnon tamb\u00e9m demonstra sistematicamente por que as tentativas de classificar a posi\u00e7\u00e3o conservadora crist\u00e3 em rela\u00e7\u00e3o \u00e0 homossexualidade como inaplic\u00e1vel aos dias de hoje n\u00e3o fazem justi\u00e7a aos textos b\u00edblicos. Suas conclus\u00f5es s\u00e3o claras e compassivas, pois adverte os leitores de todos os lados do debate contra um evangelho mutilado, desafiando-nos a uma vis\u00e3o hol\u00edstica do mandamento de amar a Deus e ao pr\u00f3ximo.<\/p>\n","protected":false},"excerpt":{"rendered":"<p>A mais completa an\u00e1lise feita at\u00e9 hoje dos textos b\u00edblicos relacionados \u00e0 homossexualidade. Com argumentos incisivos e bem articulados, Robert&hellip;<\/p>\n","protected":false},"featured_media":344989,"comment_status":"open","ping_status":"closed","template":"","meta":[],"product_cat":[143,142],"product_tag":[],"_links":{"self":[{"href":"https:\/\/www.livrariarema.com.br\/loja\/wp-json\/wp\/v2\/product\/75479"}],"collection":[{"href":"https:\/\/www.livrariarema.com.br\/loja\/wp-json\/wp\/v2\/product"}],"about":[{"href":"https:\/\/www.livrariarema.com.br\/loja\/wp-json\/wp\/v2\/types\/product"}],"replies":[{"embeddable":true,"href":"https:\/\/www.livrariarema.com.br\/loja\/wp-json\/wp\/v2\/comments?post=75479"}],"wp:featuredmedia":[{"embeddable":true,"href":"https:\/\/www.livrariarema.com.br\/loja\/wp-json\/wp\/v2\/media\/344989"}],"wp:attachment":[{"href":"https:\/\/www.livrariarema.com.br\/loja\/wp-json\/wp\/v2\/media?parent=75479"}],"wp:term":[{"taxonomy":"product_cat","embeddable":true,"href":"https:\/\/www.livrariarema.com.br\/loja\/wp-json\/wp\/v2\/product_cat?post=75479"},{"taxonomy":"product_tag","embeddable":true,"href":"https:\/\/www.livrariarema.com.br\/loja\/wp-json\/wp\/v2\/product_tag?post=75479"}],"curies":[{"name":"wp","href":"https:\/\/api.w.org\/{rel}","templated":true}]}}