{"id":75484,"date":"2021-04-13T12:14:30","date_gmt":"2021-04-13T15:14:30","guid":{"rendered":"https:\/\/www.livrariarema.com.br\/loja\/produtos\/sem%20categoria\/nascimento-casamento-e-morte-timothy-keller\/"},"modified":"2026-03-24T12:04:47","modified_gmt":"2026-03-24T15:04:47","slug":"nascimento-casamento-e-morte-timothy-keller","status":"publish","type":"product","link":"https:\/\/www.livrariarema.com.br\/loja\/produtos\/promocao\/livros-promocao\/nascimento-casamento-e-morte-timothy-keller\/","title":{"rendered":"Nascimento, Casamento E Morte &#8211; Timothy Keller"},"content":{"rendered":"<p>Esta obra dedica-se a esses tr\u00eas momentos-chave da vida em tr\u00eas se\u00e7\u00f5es bem destacadas e de f\u00e1cil consulta. Na se\u00e7\u00e3o sobre o &#8220;Nascimento&#8221;, Timothy Keller nos ajuda a compreender o nascimento f\u00edsico e espiritual e como o batismo conecta essas duas experi\u00eancias. Na se\u00e7\u00e3o sobre o &#8220;Casamento&#8221;, Keller e a esposa, Kathy, mostram &#8211; \u00e0 luz da B\u00edblia e com a experi\u00eancia de 45 anos de matrim\u00f4nio &#8211; como iniciar e nutrir um casamento. E, por fim, na se\u00e7\u00e3o sobre a &#8220;Morte&#8221;, Keller trata de um dos assuntos mais negligenciados em nossa cultura, mostrando como a Palavra de Deus oferece alternativa e esperan\u00e7a para o desespero e a nega\u00e7\u00e3o causados pela morte.<\/p>\n<p>\nNascimento, casamento e morte proporciona orienta\u00e7\u00e3o, consolo e sabedoria, e nos aponta o caminho para encontrar Deus e conhec\u00ea-lo ao longo de toda a vida.<\/p>\n","protected":false},"excerpt":{"rendered":"<p>Esta obra dedica-se a esses tr\u00eas momentos-chave da vida em tr\u00eas se\u00e7\u00f5es bem destacadas e de f\u00e1cil consulta. Na se\u00e7\u00e3o&hellip;<\/p>\n","protected":false},"featured_media":346682,"comment_status":"open","ping_status":"closed","template":"","meta":[],"product_cat":[143,142],"product_tag":[],"_links":{"self":[{"href":"https:\/\/www.livrariarema.com.br\/loja\/wp-json\/wp\/v2\/product\/75484"}],"collection":[{"href":"https:\/\/www.livrariarema.com.br\/loja\/wp-json\/wp\/v2\/product"}],"about":[{"href":"https:\/\/www.livrariarema.com.br\/loja\/wp-json\/wp\/v2\/types\/product"}],"replies":[{"embeddable":true,"href":"https:\/\/www.livrariarema.com.br\/loja\/wp-json\/wp\/v2\/comments?post=75484"}],"wp:featuredmedia":[{"embeddable":true,"href":"https:\/\/www.livrariarema.com.br\/loja\/wp-json\/wp\/v2\/media\/346682"}],"wp:attachment":[{"href":"https:\/\/www.livrariarema.com.br\/loja\/wp-json\/wp\/v2\/media?parent=75484"}],"wp:term":[{"taxonomy":"product_cat","embeddable":true,"href":"https:\/\/www.livrariarema.com.br\/loja\/wp-json\/wp\/v2\/product_cat?post=75484"},{"taxonomy":"product_tag","embeddable":true,"href":"https:\/\/www.livrariarema.com.br\/loja\/wp-json\/wp\/v2\/product_tag?post=75484"}],"curies":[{"name":"wp","href":"https:\/\/api.w.org\/{rel}","templated":true}]}}