{"id":75558,"date":"2021-04-13T12:17:40","date_gmt":"2021-04-13T15:17:40","guid":{"rendered":"https:\/\/www.livrariarema.com.br\/loja\/produtos\/sem%20categoria\/chaves-do-reino-as-jonathan-leeman\/"},"modified":"2026-02-20T12:32:28","modified_gmt":"2026-02-20T15:32:28","slug":"chaves-do-reino-as-jonathan-leeman","status":"publish","type":"product","link":"https:\/\/www.livrariarema.com.br\/loja\/produtos\/promocao\/livros-promocao\/chaves-do-reino-as-jonathan-leeman\/","title":{"rendered":"Chaves Do Reino, As &#8211; Jonathan Leeman"},"content":{"rendered":"<p>A IGREJA \u00c9 UMA EMBAIXADA DE CRISTO DE NATUREZA POL\u00cdTICA.<\/p>\n<p>Por anos, te\u00f3logos v\u00eam debatendo essa a&#64257;rma\u00e7\u00e3o, sejam eles agostinianos, anabatistas, neocalvinistas, adeptos da teologia da liberta\u00e7\u00e3o ou da ortodoxia radical. Mas o que queremos dizer com natureza pol\u00edtica? Quais os limites do alcance pol\u00edtico da igreja? Qual a natureza da igreja como institui\u00e7\u00e3o pol\u00edtica?<\/p>\n<p>Essas s\u00e3o algumas das quest\u00f5es \u00e0s quais Jonathan Leeman se prop\u00f5e responder neste livro. Levando em considera\u00e7\u00e3o a teologia da alian\u00e7a e analisando o &#8220;novo institucionalismo&#8221; das ci\u00eancias pol\u00edticas, Leeman critica as v\u00e1rias manifesta\u00e7\u00f5es do liberalismo pol\u00edtico e analisa como as Escrituras fundamentam o entendimento da igreja como embaixada do reino de Cristo. As chaves do reino anuncia uma nova era na teologia pol\u00edtica.<\/p>\n","protected":false},"excerpt":{"rendered":"<p>A IGREJA \u00c9 UMA EMBAIXADA DE CRISTO DE NATUREZA POL\u00cdTICA. Por anos, te\u00f3logos v\u00eam debatendo essa a&#64257;rma\u00e7\u00e3o, sejam eles agostinianos,&hellip;<\/p>\n","protected":false},"featured_media":344919,"comment_status":"open","ping_status":"closed","template":"","meta":[],"product_cat":[143,142],"product_tag":[],"_links":{"self":[{"href":"https:\/\/www.livrariarema.com.br\/loja\/wp-json\/wp\/v2\/product\/75558"}],"collection":[{"href":"https:\/\/www.livrariarema.com.br\/loja\/wp-json\/wp\/v2\/product"}],"about":[{"href":"https:\/\/www.livrariarema.com.br\/loja\/wp-json\/wp\/v2\/types\/product"}],"replies":[{"embeddable":true,"href":"https:\/\/www.livrariarema.com.br\/loja\/wp-json\/wp\/v2\/comments?post=75558"}],"wp:featuredmedia":[{"embeddable":true,"href":"https:\/\/www.livrariarema.com.br\/loja\/wp-json\/wp\/v2\/media\/344919"}],"wp:attachment":[{"href":"https:\/\/www.livrariarema.com.br\/loja\/wp-json\/wp\/v2\/media?parent=75558"}],"wp:term":[{"taxonomy":"product_cat","embeddable":true,"href":"https:\/\/www.livrariarema.com.br\/loja\/wp-json\/wp\/v2\/product_cat?post=75558"},{"taxonomy":"product_tag","embeddable":true,"href":"https:\/\/www.livrariarema.com.br\/loja\/wp-json\/wp\/v2\/product_tag?post=75558"}],"curies":[{"name":"wp","href":"https:\/\/api.w.org\/{rel}","templated":true}]}}