{"id":82073,"date":"2021-05-20T18:26:46","date_gmt":"2021-05-20T21:26:46","guid":{"rendered":"https:\/\/www.livrariarema.com.br\/loja\/produtos\/sem%20categoria\/bloco-de-notas-brw-smart-notes-zoo-45mm-x-45mm-unitario-30-fls\/"},"modified":"2024-10-31T13:19:16","modified_gmt":"2024-10-31T16:19:16","slug":"bloco-de-notas-brw-smart-notes-zoo-45mm-x-45mm-unitario-30-fls","status":"publish","type":"product","link":"https:\/\/www.livrariarema.com.br\/loja\/produtos\/papelaria\/bloco\/bloco-de-notas-brw-smart-notes-zoo-45mm-x-45mm-unitario-30-fls\/","title":{"rendered":"Bloco De Notas &#8211; Brw &#8211; 45Mm X 45Mm &#8211; Zoo &#8211; Diversos Formatos &#8211; 30 Folhas Cada"},"content":{"rendered":"<p>Papel e Adesivo Acr\u00edlico<br \/>\nRecicl\u00e1vel<br \/>\nN\u00e3o t\u00f3xico<br \/>\n<Br><br \/>\nVendido separadamente<br \/>\nConsultar disponibilidade de modelos<\/p>\n","protected":false},"excerpt":{"rendered":"<p>Papel e Adesivo Acr\u00edlico Recicl\u00e1vel N\u00e3o t\u00f3xico Vendido separadamente Consultar disponibilidade de modelos<\/p>\n","protected":false},"featured_media":250702,"comment_status":"open","ping_status":"closed","template":"","meta":[],"product_cat":[239,215],"product_tag":[],"_links":{"self":[{"href":"https:\/\/www.livrariarema.com.br\/loja\/wp-json\/wp\/v2\/product\/82073"}],"collection":[{"href":"https:\/\/www.livrariarema.com.br\/loja\/wp-json\/wp\/v2\/product"}],"about":[{"href":"https:\/\/www.livrariarema.com.br\/loja\/wp-json\/wp\/v2\/types\/product"}],"replies":[{"embeddable":true,"href":"https:\/\/www.livrariarema.com.br\/loja\/wp-json\/wp\/v2\/comments?post=82073"}],"wp:featuredmedia":[{"embeddable":true,"href":"https:\/\/www.livrariarema.com.br\/loja\/wp-json\/wp\/v2\/media\/250702"}],"wp:attachment":[{"href":"https:\/\/www.livrariarema.com.br\/loja\/wp-json\/wp\/v2\/media?parent=82073"}],"wp:term":[{"taxonomy":"product_cat","embeddable":true,"href":"https:\/\/www.livrariarema.com.br\/loja\/wp-json\/wp\/v2\/product_cat?post=82073"},{"taxonomy":"product_tag","embeddable":true,"href":"https:\/\/www.livrariarema.com.br\/loja\/wp-json\/wp\/v2\/product_tag?post=82073"}],"curies":[{"name":"wp","href":"https:\/\/api.w.org\/{rel}","templated":true}]}}