{"id":82408,"date":"2021-05-24T10:32:51","date_gmt":"2021-05-24T13:32:51","guid":{"rendered":"https:\/\/www.livrariarema.com.br\/loja\/produtos\/sem%20categoria\/jesus-max-lucado\/"},"modified":"2026-05-04T16:10:38","modified_gmt":"2026-05-04T19:10:38","slug":"jesus-max-lucado","status":"publish","type":"product","link":"https:\/\/www.livrariarema.com.br\/loja\/produtos\/livros\/vida-crista\/jesus-max-lucado\/","title":{"rendered":"Jesus: O Deus Que Conhece O Seu Nome &#8211; Max Lucado"},"content":{"rendered":"<p>Voc\u00ea alguma vez j\u00e1 sentiu como se Jesus n\u00e3o soubesse o que voc\u00ea est\u00e1 enfrentando?<br \/>\n Ele \u00e9 o Deus do universo, entretanto. Ser\u00e1 que ele realmente conhece as suas lutas di\u00e1rias? <br \/>\nA boa not\u00edcia \u00e9: sim!, <br \/>\nPor trinta e tr\u00eas anos Jesus sentiu tudo que voc\u00ea j\u00e1 sentiu. Fraqueza. Fadiga. Tristeza. Rejei\u00e7\u00e3o. <br \/>\nSeus p\u00e9s se cansaram, sua cabe\u00e7a doeu. <br \/>\nEle foi tentado e suas for\u00e7as foram testadas. <br \/>\nVoc\u00ea sabe por qu\u00ea? Porque, quando se tornou humano, Jesus tornou poss\u00edvel vermos a Deus. Suas l\u00e1grimas s\u00e3o as l\u00e1grimas de Deus. Sua voz \u00e9 a voz de Deus. <br \/>\nQuer saber o que importa para Deus? Descubra o que importa para Jesus. <br \/>\nQuer saber o que Deus est\u00e1 realizando no mundo? Considere as palavras e a vida de Jesus. Max escreve: &#8220;Olhe para Jesus. Contemple sua vida. Considere seus caminhos. Medite sobre suas palavras. <br \/>\nJesus. Somente Jesus.&#8221; <br \/>\nJesus quer que voc\u00ea o conhe\u00e7a. <br \/>\nQue a cada p\u00e1gina lida, o Her\u00f3i de toda a hist\u00f3ria possa falar com voc\u00ea pessoalmente, e que voc\u00ea encontre nele as respostas para as suas mais profundas necessidades.<\/p>\n","protected":false},"excerpt":{"rendered":"<p>Voc\u00ea alguma vez j\u00e1 sentiu como se Jesus n\u00e3o soubesse o que voc\u00ea est\u00e1 enfrentando? Ele \u00e9 o Deus do&hellip;<\/p>\n","protected":false},"featured_media":345380,"comment_status":"open","ping_status":"closed","template":"","meta":[],"product_cat":[134,137],"product_tag":[],"_links":{"self":[{"href":"https:\/\/www.livrariarema.com.br\/loja\/wp-json\/wp\/v2\/product\/82408"}],"collection":[{"href":"https:\/\/www.livrariarema.com.br\/loja\/wp-json\/wp\/v2\/product"}],"about":[{"href":"https:\/\/www.livrariarema.com.br\/loja\/wp-json\/wp\/v2\/types\/product"}],"replies":[{"embeddable":true,"href":"https:\/\/www.livrariarema.com.br\/loja\/wp-json\/wp\/v2\/comments?post=82408"}],"wp:featuredmedia":[{"embeddable":true,"href":"https:\/\/www.livrariarema.com.br\/loja\/wp-json\/wp\/v2\/media\/345380"}],"wp:attachment":[{"href":"https:\/\/www.livrariarema.com.br\/loja\/wp-json\/wp\/v2\/media?parent=82408"}],"wp:term":[{"taxonomy":"product_cat","embeddable":true,"href":"https:\/\/www.livrariarema.com.br\/loja\/wp-json\/wp\/v2\/product_cat?post=82408"},{"taxonomy":"product_tag","embeddable":true,"href":"https:\/\/www.livrariarema.com.br\/loja\/wp-json\/wp\/v2\/product_tag?post=82408"}],"curies":[{"name":"wp","href":"https:\/\/api.w.org\/{rel}","templated":true}]}}