{"id":82869,"date":"2021-05-24T18:31:28","date_gmt":"2021-05-24T21:31:28","guid":{"rendered":"https:\/\/www.livrariarema.com.br\/loja\/produtos\/sem%20categoria\/diario-devocional-uma-caminhada-de-fe-e-criatividade\/"},"modified":"2024-12-09T13:22:46","modified_gmt":"2024-12-09T16:22:46","slug":"diario-devocional-uma-caminhada-de-fe-e-criatividade","status":"publish","type":"product","link":"https:\/\/www.livrariarema.com.br\/loja\/produtos\/livros\/devocional\/diario-devocional-uma-caminhada-de-fe-e-criatividade\/","title":{"rendered":"Di\u00e1rio Devocional &#8211; Uma Caminhada De F\u00e9 E Criatividade"},"content":{"rendered":"<p>Deus Se revela na natureza com uma criatividade indescrit\u00edvel. De forma semelhante, n\u00f3s tamb\u00e9m podemos manifestar essa faceta do Criador ao expressarmos o que est\u00e1 em nosso cora\u00e7\u00e3o. E uma maneira simples e pr\u00e1tica de fazermos isso \u00e9 colocar no papel o que Ele nos fala em secreto, seja atrav\u00e9s de texto, pinturas, lettering, esquemas ou qualquer outra express\u00e3o art\u00edstica.<\/p>\n<p>Neste livro, voc\u00ea encontrar\u00e1 justamente esse espa\u00e7o para elaborar ideias e registrar novas p\u00e1ginas de suas hist\u00f3rias com o Pai, Jesus e o Esp\u00edrito Santo. Ent\u00e3o, j\u00e1 separe suas canetas, l\u00e1pis e tintas e prepare-se para conhecer Deus e Sua Palavra por uma nova perspectiva, cheia de cores, leveza e autenticidade.<\/p>\n<p>Um livro com devocionais di\u00e1rios. 36 devocionais criativos e que n\u00e3o possuem apenas o formato escrito, mas com esquemas e dicas que fazem com que o leitor tenha uma experi\u00eancia mais pr\u00f3xima com o material.<\/p>\n<p>Esse livro foi escrito por 4 autoras, sendo elas: Priscilla Tae, Larissa Estrada, Thays Lessa e Luma Elpidio. Formado por temas relevantes para toda mulher crist\u00e3.<\/p>\n","protected":false},"excerpt":{"rendered":"<p>Deus Se revela na natureza com uma criatividade indescrit\u00edvel. De forma semelhante, n\u00f3s tamb\u00e9m podemos manifestar essa faceta do Criador&hellip;<\/p>\n","protected":false},"featured_media":318604,"comment_status":"open","ping_status":"closed","template":"","meta":[],"product_cat":[158,134],"product_tag":[],"_links":{"self":[{"href":"https:\/\/www.livrariarema.com.br\/loja\/wp-json\/wp\/v2\/product\/82869"}],"collection":[{"href":"https:\/\/www.livrariarema.com.br\/loja\/wp-json\/wp\/v2\/product"}],"about":[{"href":"https:\/\/www.livrariarema.com.br\/loja\/wp-json\/wp\/v2\/types\/product"}],"replies":[{"embeddable":true,"href":"https:\/\/www.livrariarema.com.br\/loja\/wp-json\/wp\/v2\/comments?post=82869"}],"wp:featuredmedia":[{"embeddable":true,"href":"https:\/\/www.livrariarema.com.br\/loja\/wp-json\/wp\/v2\/media\/318604"}],"wp:attachment":[{"href":"https:\/\/www.livrariarema.com.br\/loja\/wp-json\/wp\/v2\/media?parent=82869"}],"wp:term":[{"taxonomy":"product_cat","embeddable":true,"href":"https:\/\/www.livrariarema.com.br\/loja\/wp-json\/wp\/v2\/product_cat?post=82869"},{"taxonomy":"product_tag","embeddable":true,"href":"https:\/\/www.livrariarema.com.br\/loja\/wp-json\/wp\/v2\/product_tag?post=82869"}],"curies":[{"name":"wp","href":"https:\/\/api.w.org\/{rel}","templated":true}]}}